-- MySQL dump 10.13  Distrib 8.0.38, for Win64 (x86_64)
--
-- Host: localhost    Database: mummec2324
-- ------------------------------------------------------
-- Server version	8.0.39

/*!40101 SET @OLD_CHARACTER_SET_CLIENT=@@CHARACTER_SET_CLIENT */;
/*!40101 SET @OLD_CHARACTER_SET_RESULTS=@@CHARACTER_SET_RESULTS */;
/*!40101 SET @OLD_COLLATION_CONNECTION=@@COLLATION_CONNECTION */;
/*!50503 SET NAMES utf8 */;
/*!40103 SET @OLD_TIME_ZONE=@@TIME_ZONE */;
/*!40103 SET TIME_ZONE='+00:00' */;
/*!40014 SET @OLD_UNIQUE_CHECKS=@@UNIQUE_CHECKS, UNIQUE_CHECKS=0 */;
/*!40014 SET @OLD_FOREIGN_KEY_CHECKS=@@FOREIGN_KEY_CHECKS, FOREIGN_KEY_CHECKS=0 */;
/*!40101 SET @OLD_SQL_MODE=@@SQL_MODE, SQL_MODE='NO_AUTO_VALUE_ON_ZERO' */;
/*!40111 SET @OLD_SQL_NOTES=@@SQL_NOTES, SQL_NOTES=0 */;

--
-- Table structure for table `afiliations`
--

DROP TABLE IF EXISTS `afiliations`;
/*!40101 SET @saved_cs_client     = @@character_set_client */;
/*!50503 SET character_set_client = utf8mb4 */;
CREATE TABLE `afiliations` (
  `ref_afiliation` int NOT NULL,
  `university` varchar(65) DEFAULT NULL,
  `webpage` varchar(30) DEFAULT NULL,
  `country` varchar(15) DEFAULT NULL,
  PRIMARY KEY (`ref_afiliation`)
) ENGINE=InnoDB DEFAULT CHARSET=utf8mb4 COLLATE=utf8mb4_0900_ai_ci;
/*!40101 SET character_set_client = @saved_cs_client */;

--
-- Dumping data for table `afiliations`
--

LOCK TABLES `afiliations` WRITE;
/*!40000 ALTER TABLE `afiliations` DISABLE KEYS */;
INSERT INTO `afiliations` VALUES (1,'Arizona State University','asu.edu','USA'),(2,'Auburn University','auburn.edu','USA'),(3,'Australian National University','anu.edu.au','Australia'),(4,'Boston College','bc.edu','USA'),(5,'Boston University','bu.edu','USA'),(6,'Brigham Young University','byu.edu','USA'),(7,'Brown University','brown.edu','USA'),(8,'California Institute of Technology Caltech','caltech.edu','USA'),(9,'Carnegie Mellon University','cmu.edu','USA'),(10,'Catholic University of Leuven','kuleuven.be','Belgium'),(11,'Charles University','cuni.cz','Czech_Republic'),(12,'Chinese University of Hong Kong','cuhk.edu.hk','Hong_Kong'),(13,'City University of New York','cuny.edu','USA'),(14,'Colorado State University','colostate.edu','USA'),(15,'Columbia University New York','columbia.edu','USA'),(16,'Cornell University','cornell.edu','USA'),(17,'Dartmouth College','dartmouth.edu','USA'),(18,'Delft University of Technology','tudelft.nl','Netherlands'),(19,'Drexel University','drexel.edu','USA'),(20,'Duke University','duke.edu','USA'),(21,'Ecole Polytechnique Federale de Lausanne','epfl.ch','Switzerland'),(22,'Eindhoven University of Technology','tue.nl','Netherlands'),(23,'Emory University','emory.edu','USA'),(24,'Florida State University','fsu.edu','USA'),(25,'George Mason University','gmu.edu','USA'),(26,'George Washington University','gwu.edu','USA'),(27,'Georgetown University','georgetown.edu','USA'),(28,'Georgia Institute of Technology','gatech.edu','USA'),(29,'Georgia State University','gsu.edu','USA'),(30,'Harvard University','harvard.edu','USA'),(31,'Hebrew University of Jerusalem','huji.ac.il','il'),(32,'Humboldt Universitat zu Berlin','hu-berlin.de','Germany'),(33,'Indiana University','indiana.edu','USA'),(34,'Indiana University/Purdue University Indianapolis','iupui.edu','USA'),(35,'Iowa State University','iastate.edu','USA'),(36,'Johns Hopkins University','jhu.edu','USA'),(37,'Kansas State University','ksu.edu','USA'),(38,'King Fahd University of Petroleum Minerals','kfupm.edu.sa','Saudi_Arabia'),(39,'King Saud University','ksu.edu.sa','Saudi_Arabia'),(40,'Korea Advanced Institute of Science Technology','kaist.ac.kr','Korea'),(41,'Kyoto University','kyoto-u.ac.jp','Japan'),(42,'Linkoping University','liu.se','Sweden'),(43,'Louisiana State University','lsu.edu','USA'),(44,'Ludwig Maximilians Universitat Munchen','uni-muenchen.de','Germany'),(45,'Lund University','lu.se','Sweden'),(46,'Masaryk University','muni.cz','Czech_Republic'),(47,'Massachusetts Institute of Technology','mit.edu','USA'),(48,'McGill University','mcgill.ca','Canada'),(49,'McMaster University','mcmaster.ca','Canada'),(50,'Michigan State University','msu.edu','USA'),(51,'Monash University','monash.edu.au','Australia'),(52,'Montana State University','montana.edu','USA'),(53,'National Taiwan University','ntu.edu.tw','tw'),(54,'National University of Singapore','nus.edu.sg','Singapore'),(55,'New York University','nyu.edu','USA'),(56,'Newcastle University','ncl.ac.uk','United_Kingdom'),(57,'North Carolina State University','ncsu.edu','USA'),(58,'Northwestern University','northwestern.edu','USA'),(59,'Norwegian University of Science Technology','ntnu.no','Norway'),(60,'Ohio State University','osu.edu','USA'),(61,'Oklahoma State University','okstate.edu','USA'),(62,'Oregon State University','oregonstate.edu','USA'),(63,'Pennsylvania State University','psu.edu','USA'),(64,'Princeton University','princeton.edu','USA'),(65,'Purdue University','purdue.edu','USA'),(66,'Queen\'s University Kingston','queensu.ca','Canada'),(67,'Rensselaer Polytechnic Institute','rpi.edu','USA'),(68,'Rheinische Friedrich Wilhelms Universitat Bonn','uni-bonn.de','Germany'),(69,'Rice University','rice.edu','USA'),(70,'Rochester Institute of Technology','rit.edu','USA'),(71,'Royal Institute of Technology','kth.se','Sweden'),(72,'Ruprecht Karls Universitat Heidelberg','uni-heidelberg.de','Germany'),(73,'Rutgers University','rutgers.edu','USA'),(74,'Simon Fraser University','sfu.ca','Canada'),(75,'Stanford University','stanford.edu','USA'),(76,'State University of New York at Buffalo','buffalo.edu','USA'),(77,'Swiss Federal Institute of Technology ETH Zurich','ethz.ch','Switzerland'),(78,'Syracuse University','syr.edu','USA'),(79,'Tartu University','ut.ee','ee'),(80,'Technische Universitat Berlin','tu-berlin.de','Germany'),(81,'Technische Universitat Chemnitz','tu-chemnitz.de','Germany'),(82,'Technische Universitat Munchen','tum.de','Germany'),(83,'Technische Universitat Wien','tuwien.ac.at','Austria'),(84,'Texas AM University','tamu.edu','USA'),(85,'Texas Tech University','ttu.edu','USA'),(86,'Tufts University','tufts.edu','USA'),(87,'Universidad Complutense de Madrid','ucm.es','Spain'),(88,'Universidad Nacional Autonoma de Mexico','unam.mx','Mexico'),(89,'Universidad Politecnica de Madrid','upm.es','Spain'),(90,'Universidad de Chile','uchile.cl','Chile'),(91,'Universidade de Sao Paulo','usp.br','Brazil'),(92,'Universita di Bologna','unibo.it','Italy'),(93,'Universita di Pisa','unipi.it','Italy'),(94,'Universitat Bielefeld','uni-bielefeld.de','Germany'),(95,'Universitat Freiburg','uni-freiburg.de','Germany'),(96,'Universitat Hamburg','uni-hamburg.de','Germany'),(97,'Universitat Karlsruhe (Karlsruhe Institute of Technology)','uni-karlsruhe.de','Germany'),(98,'Universitat Leipzig','uni-leipzig.de','Germany'),(99,'Universitat Munster','uni-muenster.de','Germany'),(100,'Universitat Stuttgart','uni-stuttgart.de','Germany'),(101,'Universitat Trier','uni-trier.de','Germany'),(102,'Universitat Wien','univie.ac.at','Austria'),(103,'Universitat zu Koln','uni-koeln.de','Germany'),(104,'Universite Catholique de Louvain','ucl.ac.be','Belgium'),(105,'Universite Laval','ulaval.ca','Canada'),(106,'Universite Libre de Bruxelles','ulb.ac.be','Belgium'),(107,'Universite Paris 6 Pierre and Marie Curie','upmc.fr','France'),(108,'Universite de Geneve','unige.ch','Switzerland'),(109,'Universite de Liege','ulg.ac.be','Belgium'),(110,'Universite de Montreal','umontreal.ca','Canada'),(111,'Universite du Quebec Montreal','uqam.ca','Canada'),(112,'University College London','ucl.ac.uk','United_Kingdom'),(113,'University of Alberta','ualberta.ca','Canada'),(114,'University of Amsterdam','uva.nl','Netherlands'),(115,'University of Arizona','arizona.edu','USA'),(116,'University of Bergen','uib.no','Norway'),(117,'University of British Columbia','ubc.ca','Canada'),(118,'University of Calgary','ucalgary.ca','Canada'),(119,'University of California Berkeley','berkeley.edu','USA'),(120,'University of California Davis','ucdavis.edu','USA'),(121,'University of California Irvine','uci.edu','USA'),(122,'University of California Los Angeles','ucla.edu','USA'),(123,'University of California Riverside','ucr.edu','USA'),(124,'University of California San Diego','ucsd.edu','USA'),(125,'University of California San Francisco','ucsf.edu','USA'),(126,'University of California Santa Barbara','ucsb.edu','USA'),(127,'University of California Santa Cruz','ucsc.edu','USA'),(128,'University of Cambridge','cam.ac.uk','United_Kingdom'),(129,'University of Chicago','uchicago.edu','USA'),(130,'University of Cincinnati','uc.edu','USA'),(131,'University of Colorado Boulder','colorado.edu','USA'),(132,'University of Connecticut','uconn.edu','USA'),(133,'University of Copenhagen','ku.dk','Denmark'),(134,'University of Delaware','udel.edu','USA'),(135,'University of Edinburgh','ed.ac.uk','United_Kingdom'),(136,'University of Florida','ufl.edu','USA'),(137,'University of Georgia','uga.edu','USA'),(138,'University of Glasgow','gla.ac.uk','United_Kingdom'),(139,'University of Groningen','rug.nl','Netherlands'),(140,'University of Helsinki','helsinki.fi','Finland'),(141,'University of Hong Kong','hku.hk','Hong_Kong'),(142,'University of Houston','uh.edu','USA'),(143,'University of Illinois Chicago','uic.edu','USA'),(144,'University of Illinois Urbana Champaign','uiuc.edu','USA'),(145,'University of Iowa','uiowa.edu','USA'),(146,'University of Kansas','ku.edu','USA'),(147,'University of Kentucky','uky.edu','USA'),(148,'University of Leeds','leeds.ac.uk','United_Kingdom'),(149,'University of Maryland','umd.edu','USA'),(150,'University of Massachusetts Amherst','umass.edu','USA'),(151,'University of Melbourne','unimelb.edu.au','Australia'),(152,'University of Miami','miami.edu','USA'),(153,'University of Michigan','umich.edu','USA'),(154,'University of Minnesota','umn.edu','USA'),(155,'University of Missouri Columbia','missouri.edu','USA'),(156,'University of Nebraska Lincoln','unl.edu','USA'),(157,'University of New Mexico','unm.edu','USA'),(158,'University of New South Wales','unsw.edu.au','Australia'),(159,'University of North Carolina Chapel Hill','unc.edu','USA'),(160,'University of North Texas','unt.edu','USA'),(161,'University of Notre Dame','nd.edu','USA'),(162,'University of Oklahoma','ou.edu','USA'),(163,'University of Oregon','uoregon.edu','USA'),(164,'University of Oslo','uio.no','Norway'),(165,'University of Oxford','ox.ac.uk','United_Kingdom'),(166,'University of Pennsylvania','upenn.edu','USA'),(167,'University of Pittsburgh','pitt.edu','USA'),(168,'University of Queensland','uq.edu.au','Australia'),(169,'University of Rochester','rochester.edu','USA'),(170,'University of Saskatchewan','usask.ca','Canada'),(171,'University of South Carolina','sc.edu','USA'),(172,'University of South Florida','usf.edu','USA'),(173,'University of Southampton','soton.ac.uk','United_Kingdom'),(174,'University of Southern California','usc.edu','USA'),(175,'University of Sydney','usyd.edu.au','Australia'),(176,'University of Tennessee Knoxville','utk.edu','USA'),(177,'University of Texas Austin','utexas.edu','USA'),(178,'University of Tokyo','u-tokyo.ac.jp','Japan'),(179,'University of Toronto','utoronto.ca','Canada'),(180,'University of Twente','utwente.nl','Netherlands'),(181,'University of Utah','utah.edu','USA'),(182,'University of Victoria British Columbia','uvic.ca','Canada'),(183,'University of Virginia','virginia.edu','USA'),(184,'University of Warwick','warwick.ac.uk','United_Kingdom'),(185,'University of Washington','washington.edu','USA'),(186,'University of Waterloo','uwaterloo.ca','Canada'),(187,'University of Western Ontario','uwo.ca','Canada'),(188,'University of Wisconsin Madison','wisc.edu','USA'),(189,'Uppsala University','uu.se','Sweden'),(190,'Utah State University','usu.edu','USA'),(191,'Utrecht University','uu.nl','Netherlands'),(192,'Vanderbilt University','vanderbilt.edu','USA'),(193,'Virginia Polytechnic Institute and State University','vt.edu','USA'),(194,'Washington State University Pullman','wsu.edu','USA'),(195,'Washington University Saint Louis','wustl.edu','USA'),(196,'West Virginia University','wvu.edu','USA'),(197,'Yale University','yale.edu','USA'),(198,'York University','yorku.ca','Canada');
/*!40000 ALTER TABLE `afiliations` ENABLE KEYS */;
UNLOCK TABLES;

--
-- Table structure for table `authorafiliation`
--

DROP TABLE IF EXISTS `authorafiliation`;
/*!40101 SET @saved_cs_client     = @@character_set_client */;
/*!50503 SET character_set_client = utf8mb4 */;
CREATE TABLE `authorafiliation` (
  `ref_author` int NOT NULL,
  `ref_afiliation` int NOT NULL,
  PRIMARY KEY (`ref_author`,`ref_afiliation`)
) ENGINE=InnoDB DEFAULT CHARSET=utf8mb4 COLLATE=utf8mb4_0900_ai_ci;
/*!40101 SET character_set_client = @saved_cs_client */;

--
-- Dumping data for table `authorafiliation`
--

LOCK TABLES `authorafiliation` WRITE;
/*!40000 ALTER TABLE `authorafiliation` DISABLE KEYS */;
INSERT INTO `authorafiliation` VALUES (1,67),(2,173),(3,159),(4,165),(5,119),(6,186),(7,75),(8,84),(9,7),(10,121),(11,88),(12,125),(13,142),(14,36),(15,62),(16,123),(17,197),(18,137),(19,55),(20,131),(21,150),(22,119),(23,21),(24,181),(25,166),(26,153),(27,72),(28,174),(29,174),(30,107),(31,1),(32,74),(33,84),(34,101),(35,35),(36,36),(37,135),(38,116),(39,183),(40,153),(41,187),(42,55),(43,8),(44,174),(45,58),(46,181),(47,167),(48,35),(49,124),(50,175),(51,32),(52,28),(53,128),(54,128),(55,178),(56,33),(57,141),(58,11),(59,16),(60,33),(61,91),(62,119),(63,197),(64,136),(65,83),(66,110),(67,59),(68,140),(69,112),(70,76),(71,136),(72,51),(73,128),(74,166),(75,149),(76,108),(77,69),(78,107),(79,137),(80,14),(81,176),(82,132),(83,195),(84,20),(85,126),(86,12),(87,177),(88,165),(89,51),(90,142),(91,149),(92,111),(93,129),(94,134),(95,47),(96,75),(97,132),(98,1),(99,75),(100,92),(101,16),(102,177),(103,171),(104,88),(105,105),(106,76),(107,137),(108,131),(109,9),(110,46),(111,108),(112,110),(113,21),(114,112),(115,68),(116,122),(117,5),(118,120),(119,6),(120,173),(121,170),(122,60),(123,156),(124,115),(125,57),(126,141),(127,41),(128,122),(129,159),(130,191),(131,126),(132,126),(133,16),(134,42),(135,3),(136,162),(137,172),(138,193),(139,47),(140,8),(141,25),(142,49),(143,43),(144,154),(145,193),(146,16),(147,98),(148,42),(149,181),(150,168),(151,30),(152,183),(153,59),(154,123),(155,63),(156,167),(157,176),(158,52),(159,184),(160,7),(161,62),(162,155),(163,41),(164,169),(165,126),(166,102),(167,128),(168,59),(169,178),(170,55),(171,188),(172,128),(173,158),(174,30),(175,30),(176,40),(177,120),(178,113),(179,78),(180,186),(181,49),(182,19),(183,20),(184,166),(185,14),(186,63),(187,128),(188,153),(189,104),(190,190),(191,124),(192,137),(193,193),(194,171),(195,132),(196,119),(197,22),(198,73),(199,75),(200,145),(201,108),(202,80),(203,28),(204,147),(205,156),(206,156),(207,36),(208,188),(209,14),(210,136),(211,136),(212,106),(213,95),(214,5),(215,57),(216,34),(217,160),(218,64),(219,183),(220,146),(221,135),(222,15),(223,30),(224,155),(225,176),(226,56),(227,9),(228,13),(229,116),(230,198),(231,128),(232,65),(233,44),(234,128),(235,88),(236,197),(237,135),(238,24),(239,6),(240,196),(241,159),(242,153),(243,21),(244,144),(245,185),(246,128),(247,164),(248,161),(249,135),(250,57),(251,66),(252,121),(253,112),(254,30),(255,51),(256,67),(257,27),(258,128),(259,96),(260,177),(261,75),(262,60),(263,79),(264,194),(265,5),(266,62),(267,192),(268,47),(269,135),(270,197),(271,108),(272,120),(273,24),(274,63),(275,162),(276,177),(277,115),(278,99),(279,185),(280,111),(281,23),(282,153),(283,57),(284,69),(285,28),(286,178),(287,30),(288,9),(289,53),(290,115),(291,151),(292,140),(293,129),(294,136),(295,77),(296,150),(297,147),(298,124),(299,145),(300,127),(301,179),(302,154),(303,136),(304,165),(305,61),(306,132),(307,10),(308,73),(309,5),(310,130),(311,178),(312,136),(313,184),(314,183),(315,85),(316,177),(317,164),(318,115),(319,179),(320,50),(321,122),(322,132),(323,47),(324,145),(325,139),(326,36),(327,36),(328,37),(329,65),(330,41),(331,82),(332,1),(333,19),(334,45),(335,122),(336,136),(337,60),(338,110),(339,163),(340,48),(341,178),(342,117),(343,16),(344,124),(345,117),(346,111),(347,29),(348,16),(349,35),(350,9),(351,131),(352,162),(353,88),(354,179),(355,87),(356,75),(357,114),(358,4),(359,169),(360,180),(361,53),(362,183),(363,17),(364,156),(365,189),(366,117),(367,173),(368,15),(369,118),(370,70),(371,75),(372,174),(373,177),(374,62),(375,77),(376,48),(377,192),(378,21),(379,97),(380,54),(381,133),(382,90),(383,154),(384,59),(385,73),(386,58),(387,198),(388,18),(389,159),(390,65),(391,35),(392,168),(393,141),(394,31),(395,33),(396,120),(397,89),(398,71),(399,55),(400,48),(401,57),(402,93),(403,72),(404,140),(405,150),(406,39),(407,101),(408,5),(409,193),(410,11),(411,33),(412,16),(413,105),(414,141),(415,195),(416,57),(417,104),(418,149),(419,128),(420,177),(421,92),(422,42),(423,154),(424,157),(425,149),(426,163),(427,103),(428,143),(429,81),(430,159),(431,64),(432,149),(433,184),(434,16),(435,122),(436,120),(437,137),(438,75),(439,144),(440,16),(441,75),(442,44),(443,155),(444,28),(445,38),(446,14),(447,69),(448,183),(449,136),(450,110),(451,193),(452,119),(453,144),(454,147),(455,24),(456,164),(457,183),(458,93),(459,169),(460,73),(461,124),(462,64),(463,75),(464,57),(465,166),(466,137),(467,2),(468,179),(469,191),(470,135),(471,182),(472,151),(473,9),(474,55),(475,15),(476,138),(477,62),(478,163),(479,75),(480,148),(481,73),(482,88),(483,25),(484,197),(485,159),(486,145),(487,115),(488,122),(489,122),(490,15),(491,159),(492,86),(493,149),(494,166),(495,78),(496,141),(497,26),(498,43),(499,166),(500,154),(501,75),(502,109),(503,100),(504,115),(505,6),(506,132),(507,109),(508,177),(509,65),(510,177),(511,27),(512,94),(513,114),(514,111),(515,88),(516,75),(517,126),(518,3),(519,13),(520,115),(521,193),(522,51),(523,93),(524,128),(525,152),(526,50),(527,131),(528,153),(529,177),(530,3),(531,55),(532,102),(533,194);
/*!40000 ALTER TABLE `authorafiliation` ENABLE KEYS */;
UNLOCK TABLES;

--
-- Table structure for table `authors`
--

DROP TABLE IF EXISTS `authors`;
/*!40101 SET @saved_cs_client     = @@character_set_client */;
/*!50503 SET character_set_client = utf8mb4 */;
CREATE TABLE `authors` (
  `ref_author` int NOT NULL,
  `name` varchar(25) DEFAULT NULL,
  PRIMARY KEY (`ref_author`)
) ENGINE=InnoDB DEFAULT CHARSET=utf8mb4 COLLATE=utf8mb4_0900_ai_ci;
/*!40101 SET character_set_client = @saved_cs_client */;

--
-- Dumping data for table `authors`
--

LOCK TABLES `authors` WRITE;
/*!40000 ALTER TABLE `authors` DISABLE KEYS */;
INSERT INTO `authors` VALUES (1,'A. Afonso'),(2,'A. Birrell'),(3,'A. Bosworth'),(4,'A. Bunn'),(5,'A. Cant'),(6,'A. Connolly'),(7,'A. David'),(8,'A. Dolgert'),(9,'A. Druin'),(10,'A. Features'),(11,'A. Forin'),(12,'A. Goutam'),(13,'A. Gunn'),(14,'A. Hanushevsky'),(15,'A. Karpas'),(16,'A. Khanna'),(17,'A. Kitchen'),(18,'A. Kunszt'),(19,'A. Layman'),(20,'A. Lobanov'),(21,'A. Mammen'),(22,'A. Nick'),(23,'A. Nori'),(24,'A. Pneuli'),(25,'A. Pope'),(26,'A. Pricepermbofram'),(27,'A. Reuter'),(28,'A. Sanchez'),(29,'A. Shoshani'),(30,'A. Szalay'),(31,'A. Sánchez-Fauquier'),(32,'A. Terzis'),(33,'A. Thakar'),(34,'A. Thakara'),(35,'A. Tsukerman'),(36,'A. Wasserman'),(37,'AA. To'),(38,'AC. Model'),(39,'AC. Pope'),(40,'ACM. New'),(41,'AD. Green'),(42,'AF. Richards'),(43,'AK. Chandra'),(44,'AK. Jones'),(45,'AR. Gennery'),(46,'AR. Thakar'),(47,'AS. Abiteboul'),(48,'AS. Szalay'),(49,'ASJ. Gray'),(50,'B. Adam'),(51,'B. Armstrong'),(52,'B. Barron'),(53,'B. Coleman'),(54,'B. David'),(55,'B. Devlin'),(56,'B. Fitzgerald'),(57,'B. Fried'),(58,'B. Good'),(59,'B. Hillyer'),(60,'B. Horst'),(61,'B. Isherwood'),(62,'B. Laing'),(63,'B. Lampson'),(64,'B. Lindsay'),(65,'B. Lopman'),(66,'B. Lucas'),(67,'B. László'),(68,'B. Megson'),(69,'B. Salzberg'),(70,'B. Shiplett'),(71,'B. Tom'),(72,'B. Vaughan'),(73,'B. Waters'),(74,'B. Worthington'),(75,'B. Yanny'),(76,'B. Özden'),(77,'BA. Lopman'),(78,'BB. Bederson'),(79,'BC. In'),(80,'BG. Lindsay'),(81,'BJ. Wagner'),(82,'BO. Trustees'),(83,'C. Atchison'),(84,'C. Beeler'),(85,'C. Bew'),(86,'C. Bingham'),(87,'C. Bishop'),(88,'C. Fabian'),(89,'C. Gallimore'),(90,'C. Giaquinto'),(91,'C. Koester'),(92,'C. Levine'),(93,'C. Maxwell'),(94,'C. Nyberg'),(95,'C. Pelkie'),(96,'C. Rockosi'),(97,'C. Stoughton'),(98,'C. Taylor'),(99,'C. Van. Ingen'),(100,'C. Wong'),(101,'C. van. Ingen'),(102,'CA. Cupertino'),(103,'CA. Galtieri'),(104,'CC. Tam'),(105,'CFL. Amar'),(106,'CG. Bell'),(107,'CH. Bennett'),(108,'CI. Gallimore'),(109,'CI. Multi-Vendor'),(110,'CJ. Boos'),(111,'CJ. Williams'),(112,'CL. East'),(113,'CL. Gallimore'),(114,'CN. Tom'),(115,'CP. Roberts'),(116,'CR. Courtright'),(117,'D. Baxter'),(118,'D. Bitton'),(119,'D. Brown'),(120,'D. Burris'),(121,'D. Campbell'),(122,'D. Cavallo'),(123,'D. Clay'),(124,'D. Cubitt'),(125,'D. DeWitt'),(126,'D. Dumitriu'),(127,'D. Garcia'),(128,'D. Gawlick'),(129,'D. Geer'),(130,'D. Gilgen'),(131,'D. Lewis'),(132,'D. Lomet'),(133,'D. Manocha'),(134,'D. Patterson'),(135,'D. Samuel'),(136,'D. Shasha'),(137,'D. Slutz'),(138,'D. Steele'),(139,'D. Tatar'),(140,'D. Thompson'),(141,'DA. Grier'),(142,'DC. Baxter'),(143,'DC. Reichart'),(144,'DF. Roberts'),(145,'DJ. Allen'),(146,'DJ. DeWitt'),(147,'DJ. Dewitt'),(148,'DP. Schneider'),(149,'DP. Siewiorek'),(150,'DS. Dina'),(151,'DT. Liu'),(152,'DTJ. Gray'),(153,'DW. Cubitt'),(154,'DW. David'),(155,'DWG'),(156,'E. Allman'),(157,'E. Anderton'),(158,'E. Andre'),(159,'E. Gabber'),(160,'E. Horowitz'),(161,'E. Kohli'),(162,'E. Manktelow'),(163,'E. Reidel'),(164,'E. Replication'),(165,'E. Riedel'),(166,'E. Schooler'),(167,'E. Strand'),(168,'E. Szalay'),(169,'EAM'),(170,'EJ. O\'Neil'),(171,'EK. Grebel'),(172,'EL. Chapin'),(173,'ER. CMU'),(174,'ES. Szalay'),(175,'F. Aladin'),(176,'F. Ansaldi'),(177,'F. Davis'),(178,'F. Genova'),(179,'F. Hill'),(180,'F. INRIA-Futurs'),(181,'F. Putzolu'),(182,'F. Rodrigues'),(183,'F. Symonds'),(184,'FA. External'),(185,'FM. Ruggeri'),(186,'FN. Binka'),(187,'G. Abdulla'),(188,'G. Adak'),(189,'G. Armah'),(190,'G. Bell'),(191,'G. Chris'),(192,'G. Djorgovski'),(193,'G. Ely'),(194,'G. Fekete'),(195,'G. Gardarint'),(196,'G. Goetzg'),(197,'G. Graefe'),(198,'G. Heber'),(199,'G. Jim'),(200,'G. Kang'),(201,'G. Lawton'),(202,'G. Phillips'),(203,'G. Spix'),(204,'G. Stubblefield'),(205,'G. Vautier'),(206,'GE. Armah'),(207,'GH. Cornell'),(208,'GR. Putzolu'),(209,'GT. Richards'),(210,'H. Antunes'),(211,'H. Berenson'),(212,'H. Garcia-Molina'),(213,'H. Korth'),(214,'H. Opderbeck'),(215,'H. Pirahesh'),(216,'H. Sammer'),(217,'H. Schek'),(218,'H. Spintzik'),(219,'H. Sturgis'),(220,'H. Vennema'),(221,'H. Vercoe'),(222,'H. Zeller'),(223,'HJ. Algorithms'),(224,'HJ. Newberg'),(225,'HW. Rix'),(226,'I. Banerjee'),(227,'I. Buchan'),(228,'I. Clarke'),(229,'I. Foster'),(230,'I. Martinho'),(231,'I. Milan'),(232,'I. Server'),(233,'I. Vipond'),(234,'IG. Miren'),(235,'IK. Hewlett'),(236,'IL. Traiger'),(237,'J. Annis'),(238,'J. Arrasvuori'),(239,'J. Bacon'),(240,'J. Barlett'),(241,'J. Barr-Motorola'),(242,'J. Barrera'),(243,'J. Bartlett'),(244,'J. Becla'),(245,'J. Bridger'),(246,'J. Coates'),(247,'J. Cogan'),(248,'J. Deák'),(249,'J. Edwards'),(250,'J. Fusco'),(251,'J. Gemmell'),(252,'J. Gray'),(253,'J. Gray-Consultant'),(254,'J. Green'),(255,'J. Grimes-Taligent'),(256,'J. Kantor'),(257,'J. Melton'),(258,'J. Mylopoulos'),(259,'J. Nordlinger'),(260,'J. Powell'),(261,'J. Raddick'),(262,'J. Richter'),(263,'J. Robinson'),(264,'J. Sellwood'),(265,'J. VandenBerg'),(266,'J. Winn'),(267,'J. Xerry'),(268,'JA. Blakeley'),(269,'JE. Gunn'),(270,'JG. Alex'),(271,'JG. Daniel'),(272,'JG. Don'),(273,'JG. Eric'),(274,'JG. Katz'),(275,'JG. March'),(276,'JG. Pat'),(277,'JG. Prashant'),(278,'JG. Robinson'),(279,'JG. Wyman'),(280,'JGA. Reuter'),(281,'JGF. Paradigm'),(282,'JGUC. Berkeley'),(283,'JK. Adelman-McCarthy'),(284,'JK. Oates'),(285,'JM. Gray'),(286,'JS. Cheesbrough'),(287,'JZ. Jordens'),(288,'K. Abazajian'),(289,'K. Baclawski'),(290,'K. Barclay'),(291,'K. Birman'),(292,'K. Brown'),(293,'K. Cook'),(294,'K. Delaney'),(295,'K. Discovery'),(296,'K. Jeffery'),(297,'K. Kendall'),(298,'K. Lagally'),(299,'K. Lamden'),(300,'K. Szlavecz'),(301,'KA. Grant'),(302,'KG. Jeffery'),(303,'KP. Eswaran'),(304,'L. Andrew'),(305,'L. Ben'),(306,'L. Chung'),(307,'L. El-Attar'),(308,'L. Januário'),(309,'L. Lamport'),(310,'L. Mosina'),(311,'M. Abadi'),(312,'M. Anderton'),(313,'M. Balazinska'),(314,'M. Blasgen'),(315,'M. Brodie'),(316,'M. Carey'),(317,'M. Compton'),(318,'M. Francis'),(319,'M. Iturriza'),(320,'M. Iturriza. Gómara'),(321,'M. Kersten'),(322,'M. Leinwand'),(323,'M. Massa'),(324,'M. Mitoma'),(325,'M. Monday'),(326,'M. Nieto'),(327,'M. Nieto-Santisteban'),(328,'M. Reacher'),(329,'M. Stewart'),(330,'M. Stonebraker'),(331,'M. Stuewart'),(332,'M. SubbaRao'),(333,'M. Taradash'),(334,'M. Van. der. Wielen'),(335,'M. Walker'),(336,'M. Youle'),(337,'MA. Agueros'),(338,'MA. Nieto-Santisteban'),(339,'MA. Strauss'),(340,'MAN. Santisteban'),(341,'MH. Danton'),(342,'MI. Gómara'),(343,'MJ. Adams'),(344,'MJ. Flynn'),(345,'MJ. Franklin'),(346,'MK. Simmonds'),(347,'ML. Brodie'),(348,'MM. Cortese'),(349,'MP. Thomas'),(350,'MR. Adrianzen. Vargas'),(351,'MR. Blanton'),(352,'MR. El-Nahas'),(353,'MS. Bailey'),(354,'MT. Clarke'),(355,'MT. Missoula'),(356,'N. Andrews'),(357,'N. Byron'),(358,'N. Cook'),(359,'N. Du. Plessis'),(360,'N. Gougoulias'),(361,'N. Govindaraju'),(362,'N. Li'),(363,'N. Rob'),(364,'N. Tredennick'),(365,'ND. Rivers'),(366,'NK. Govindaraju'),(367,'NS. Omar'),(368,'OT. Transactions'),(369,'P. Benvenuti'),(370,'P. Bernstein'),(371,'P. Buneman'),(372,'P. Gemma'),(373,'P. Hamid'),(374,'P. Headquarters'),(375,'P. Heke'),(376,'P. Hell'),(377,'P. Helland'),(378,'P. Hollywood'),(379,'P. Homan'),(380,'P. Kisfali'),(381,'P. Kukol'),(382,'P. Kunszt'),(383,'P. Lockemann'),(384,'P. McJones'),(385,'P. Mcjones'),(386,'P. O\'Neil'),(387,'P. Pothier'),(388,'P. Roy'),(389,'P. Shah'),(390,'P. Shenoy'),(391,'P. Sundaresan'),(392,'P. Van. Damme'),(393,'P. di. Milan'),(394,'PA. Bernstein'),(395,'PA. Chris. Maple'),(396,'PB. Agrawal'),(397,'PB. Gibbons'),(398,'PB. Hall'),(399,'PE. Jim. Gray'),(400,'PJ. Diamond'),(401,'PJ. Quinn'),(402,'PR. Graupner'),(403,'PR. Schmitzer'),(404,'PT. Kaye'),(405,'PTH. Lee'),(406,'PZ. Kunszt'),(407,'PZ. Zunszt'),(408,'R. Agrawal'),(409,'R. Anderson'),(410,'R. Asmah'),(411,'R. Aylett'),(412,'R. Azevedo'),(413,'R. Baker'),(414,'R. Barnes'),(415,'R. Carr'),(416,'R. Chakraborty'),(417,'R. Eberl'),(418,'R. Finlay'),(419,'R. Forin'),(420,'R. Gamache'),(421,'R. Horst'),(422,'R. Kumar'),(423,'R. Lupton'),(424,'R. Mark'),(425,'R. Mechoso'),(426,'R. Mirzayeva'),(427,'R. Mitchell'),(428,'R. Moore'),(429,'R. Musaloiu'),(430,'R. Musaloiu-E'),(431,'R. Musaloiu-e'),(432,'R. Musoke'),(433,'R. Needham'),(434,'R. Noad'),(435,'R. Obermarck'),(436,'R. Polly'),(437,'R. Sears'),(438,'R. Sterling'),(439,'R. Topor'),(440,'R. Waymire'),(441,'R. Williams'),(442,'RA. Lorie'),(443,'RF. Ms-Tr'),(444,'RG. Pebody'),(445,'RH. Asmah'),(446,'RJ. Brunner'),(447,'RJ. Gray'),(448,'RL. Ie'),(449,'RTC. Nelmes'),(450,'S. Abiteboul'),(451,'S. Blome'),(452,'S. Ceri'),(453,'S. Chaudhuri'),(454,'S. Conti'),(455,'S. Dhan'),(456,'S. Don'),(457,'S. Ekblad'),(458,'S. Englert'),(459,'S. Jester'),(460,'S. Kiss'),(461,'S. Larsen'),(462,'S. Madnick'),(463,'S. Moreno'),(464,'S. Muralidhar'),(465,'S. Nawaz'),(466,'S. Newman'),(467,'S. Nikolaev'),(468,'S. Ozer'),(469,'S. Sigmod'),(470,'S. Strauss'),(471,'S. Su'),(472,'S. Uren'),(473,'SC. Fields'),(474,'SEJ. Richter'),(475,'SL. Calvert'),(476,'SM. Javaid'),(477,'SO. Hvasshovd'),(478,'SQL. SERVER'),(479,'SS. Allam'),(480,'SS. Yau'),(481,'T. Axelrod'),(482,'T. Barclay'),(483,'T. Budavári.1'),(484,'T. Budavári.2'),(485,'T. Clarence'),(486,'T. Corbin'),(487,'T. Kocher'),(488,'T. Malik'),(489,'T. Malika'),(490,'T. Matsubara'),(491,'T. Mayr'),(492,'T. Price'),(493,'T. Vesikari'),(494,'T. Wingfield'),(495,'TBJGD. Slutz'),(496,'TBJGE. Strand'),(497,'TC. Inc'),(498,'TCK. Chou'),(499,'TO. Boerger'),(500,'U. Dayal'),(501,'U. Desselberger'),(502,'U. Dessselberger'),(503,'U. Foehr'),(504,'U. Griffith'),(505,'UC. Berkeley'),(506,'V. Bally'),(507,'V. Cullen'),(508,'V. Ian'),(509,'V. Montero'),(510,'V. Singh'),(511,'VN. Chris'),(512,'VO. Joshi'),(513,'VU. Inn'),(514,'W. Bartlett'),(515,'W. Chong'),(516,'W. Dykeman'),(517,'W. Farrell'),(518,'W. Kohler'),(519,'W. Li'),(520,'W. O\'Mullane'),(521,'W. Schultz'),(522,'W. Vogels'),(523,'WJ. O\'Mullane'),(524,'WJ. O\'mullane'),(525,'WO\'Mullane'),(526,'WO. Mullane'),(527,'WT. Ng'),(528,'WVC. Ii'),(529,'X. Fan'),(530,'Y. Kalairajah'),(531,'Z. Cvetanovic'),(532,'Z. Manna'),(533,'Z. Nyúl');
/*!40000 ALTER TABLE `authors` ENABLE KEYS */;
UNLOCK TABLES;

--
-- Table structure for table `papersauthors`
--

DROP TABLE IF EXISTS `papersauthors`;
/*!40101 SET @saved_cs_client     = @@character_set_client */;
/*!50503 SET character_set_client = utf8mb4 */;
CREATE TABLE `papersauthors` (
  `ref_paper` int NOT NULL,
  `ref_author` int NOT NULL,
  PRIMARY KEY (`ref_paper`,`ref_author`)
) ENGINE=InnoDB DEFAULT CHARSET=utf8mb4 COLLATE=utf8mb4_0900_ai_ci;
/*!40101 SET character_set_client = @saved_cs_client */;

--
-- Dumping data for table `papersauthors`
--

LOCK TABLES `papersauthors` WRITE;
/*!40000 ALTER TABLE `papersauthors` DISABLE KEYS */;
INSERT INTO `papersauthors` VALUES (1,27),(1,252),(2,252),(3,3),(3,19),(3,252),(3,453),(4,252),(4,303),(4,442),(5,136),(5,252),(5,377),(5,386),(6,125),(6,252),(7,283),(7,337),(8,252),(9,252),(10,211),(10,252),(10,257),(10,370),(11,252),(12,102),(12,252),(12,497),(13,118),(13,252),(14,64),(14,252),(14,314),(14,384),(15,28),(15,65),(15,161),(15,220),(15,387),(16,209),(16,339),(16,398),(16,529),(17,148),(17,209),(17,398),(18,148),(18,209),(18,398),(19,125),(19,315),(19,370),(19,452),(20,149),(20,252),(21,60),(21,252),(21,335),(22,148),(22,398),(22,459),(22,529),(23,252),(23,390),(24,30),(24,151),(24,252),(24,327),(25,252),(25,289),(25,391),(25,458),(26,33),(26,48),(26,252),(26,406),(27,252),(27,309),(28,252),(28,361),(28,422),(29,94),(29,252),(29,482),(29,531),(30,252),(31,27),(31,252),(32,370),(32,408),(32,450),(33,61),(33,319),(34,137),(34,252),(34,482),(35,252),(36,30),(36,252),(37,39),(37,48),(37,490),(38,15),(38,179),(38,336),(38,507),(39,133),(39,252),(39,366),(39,461),(40,125),(40,252),(41,213),(41,252),(41,379),(41,435),(42,181),(42,252),(43,252),(44,197),(44,252),(45,60),(45,243),(45,252),(46,146),(46,252),(47,319),(47,501),(48,200),(48,252),(48,319),(49,46),(49,48),(49,252),(49,406),(50,190),(50,252),(51,252),(51,389),(51,458),(51,487),(52,100),(52,319),(52,451),(53,126),(53,291),(53,522),(54,222),(54,252),(55,252),(55,314),(55,324),(55,492),(56,124),(56,138),(56,319),(57,77),(57,89),(57,328),(58,106),(58,252),(59,252),(60,252),(61,21),(61,200),(61,319),(62,30),(62,190),(62,252),(63,252),(63,345),(63,397),(64,283),(64,337),(65,108),(65,131),(65,254),(66,252),(67,15),(67,179),(67,235),(67,252),(68,252),(69,46),(69,48),(69,252),(69,406),(70,166),(70,251),(70,252),(71,46),(71,48),(71,338),(72,108),(72,124),(72,359),(73,208),(73,236),(73,252),(73,442),(74,252),(75,31),(75,463),(75,509),(76,30),(76,252),(77,74),(77,252),(77,306),(77,421),(78,124),(78,319),(78,501),(79,27),(79,252),(80,157),(80,200),(80,319),(81,99),(81,165),(81,252),(82,94),(82,252),(82,482),(82,531),(83,35),(83,69),(83,252),(83,331),(84,252),(85,58),(85,128),(85,216),(85,252),(85,379),(86,99),(86,252),(87,103),(87,236),(87,252),(88,55),(88,62),(88,203),(88,252),(89,108),(89,286),(89,299),(90,90),(90,392),(90,493),(91,5),(91,98),(91,108),(91,131),(92,48),(92,252),(93,245),(93,297),(93,307),(93,319),(93,358),(94,252),(95,134),(95,252),(96,252),(96,391),(96,414),(96,482),(97,176),(97,334),(97,392),(98,167),(98,252),(98,457),(98,482),(99,252),(100,200),(100,319),(101,115),(101,252),(101,354),(101,405),(102,56),(102,252),(103,206),(103,254),(103,445),(104,30),(104,252),(105,252),(106,128),(106,146),(106,394),(106,500),(107,161),(107,185),(107,220),(107,252),(108,252),(109,190),(109,252),(110,32),(110,300),(110,430),(111,108),(111,145),(111,252),(111,267),(111,319),(112,252),(112,260),(112,470),(113,45),(113,98),(113,108),(114,68),(114,319),(115,42),(115,113),(115,153),(115,252),(116,48),(116,194),(116,252),(116,381),(116,406),(117,252),(118,252),(119,252),(120,252),(121,252),(122,143),(122,252),(123,189),(123,226),(123,346),(123,410),(124,190),(124,252),(125,287),(125,470),(125,501),(126,30),(126,327),(126,362),(126,525),(127,33),(127,48),(127,252),(127,261),(127,510),(128,252),(129,134),(129,252),(130,48),(130,252),(130,338),(131,252),(131,259),(131,417),(131,482),(132,27),(132,252),(133,252),(134,48),(134,252),(135,48),(135,252),(136,100),(136,320),(136,451),(137,30),(137,252),(137,482),(137,515),(138,42),(138,108),(138,254),(139,105),(139,112),(139,252),(139,301),(140,4),(140,30),(140,229),(140,252),(141,46),(141,48),(141,194),(141,252),(142,252),(143,32),(143,300),(143,430),(143,468),(144,30),(144,32),(144,247),(144,300),(144,430),(145,115),(145,252),(145,354),(145,405),(146,48),(146,252),(146,483),(146,489),(147,252),(148,146),(148,252),(149,177),(149,252),(149,425),(149,517),(150,30),(150,33),(150,252),(150,382),(151,228),(151,319),(151,501),(152,46),(152,48),(152,97),(152,252),(153,252),(154,252),(155,190),(155,252),(156,101),(156,165),(156,252),(157,35),(157,252),(157,329),(157,472),(158,30),(158,46),(158,194),(158,252),(159,41),(159,110),(159,205),(159,353),(160,252),(161,252),(162,99),(162,252),(162,437),(163,341),(163,350),(163,476),(164,252),(164,362),(164,483),(164,526),(165,108),(165,319),(166,108),(166,186),(166,206),(167,65),(167,89),(167,233),(167,252),(168,198),(168,252),(169,33),(169,48),(169,97),(169,252),(170,252),(170,392),(170,493),(171,182),(171,252),(171,308),(171,319),(172,148),(172,209),(172,398),(172,459),(172,529),(173,252),(174,252),(175,252),(176,252),(176,294),(177,181),(177,252),(178,252),(178,482),(178,515),(179,65),(179,104),(179,202),(179,319),(180,33),(180,48),(180,252),(180,382),(181,33),(181,48),(181,97),(181,252),(182,1),(182,210),(182,230),(182,319),(183,45),(183,98),(183,108),(184,14),(184,187),(184,244),(184,467),(185,252),(186,252),(187,252),(188,252),(189,27),(189,252),(190,197),(190,252),(191,94),(191,252),(192,94),(192,246),(192,252),(193,166),(193,251),(193,252),(194,252),(194,482),(194,515),(195,91),(195,94),(195,252),(196,166),(196,251),(196,252),(197,217),(197,252),(197,330),(198,46),(198,48),(198,483),(198,488),(199,63),(199,64),(199,219),(199,252),(200,44),(200,214),(200,252),(200,298),(200,344),(201,15),(201,130),(201,252),(201,284),(201,357),(201,506),(202,252),(203,30),(203,252),(204,252),(204,317),(205,30),(205,252),(206,249),(206,252),(207,91),(207,94),(207,252),(208,46),(208,48),(208,252),(208,406),(209,60),(209,240),(209,252),(210,108),(210,267),(210,319),(211,172),(211,402),(211,403),(211,473),(212,198),(212,252),(213,92),(213,252),(214,27),(214,252),(215,45),(215,98),(215,108),(216,204),(216,252),(216,325),(217,6),(217,48),(217,252),(217,484),(218,209),(218,339),(218,398),(218,529),(219,252),(220,252),(221,252),(222,252),(223,30),(223,252),(224,252),(224,438),(225,30),(225,46),(225,252),(226,30),(226,33),(226,137),(226,252),(226,382),(227,177),(227,252),(227,425),(227,428),(227,517),(228,252),(229,252),(230,252),(231,252),(232,252),(233,27),(233,252),(234,154),(234,199),(235,27),(235,252),(236,48),(236,252),(237,48),(237,194),(237,252),(238,101),(238,165),(238,252),(239,3),(239,19),(239,215),(239,252),(240,319),(240,416),(240,432),(241,252),(241,482),(241,515),(242,108),(242,267),(242,319),(243,92),(243,252),(243,460),(243,518),(244,162),(244,501),(244,519),(245,65),(245,104),(245,202),(245,319),(246,170),(246,211),(246,252),(246,257),(246,370),(247,108),(247,267),(247,319),(248,94),(248,246),(248,252),(249,55),(249,62),(249,203),(249,252),(250,30),(250,194),(250,252),(250,478),(251,30),(251,46),(251,97),(251,252),(251,261),(252,252),(253,252),(254,252),(255,252),(256,252),(257,252),(258,252),(259,252),(260,252),(261,252),(262,27),(262,252),(263,197),(263,252),(264,30),(264,252),(265,8),(265,95),(265,140),(265,198),(265,252),(266,30),(266,252),(266,326),(266,423),(266,483),(267,46),(267,48),(267,338),(268,16),(268,360),(268,449),(269,252),(269,352),(269,367),(270,60),(270,243),(270,252),(271,23),(271,121),(271,252),(271,268),(271,464),(272,50),(272,199),(272,304),(272,373),(273,101),(273,163),(273,252),(274,30),(274,194),(274,252),(275,32),(275,247),(275,300),(275,430),(276,135),(276,145),(276,252),(276,388),(276,434),(277,51),(277,65),(277,83),(277,252),(278,252),(279,166),(279,251),(279,252),(280,46),(280,48),(280,252),(280,406),(280,488),(281,46),(281,48),(281,137),(281,252),(282,48),(282,252),(282,338),(283,167),(283,252),(283,457),(283,482),(284,252),(285,252),(286,252),(287,252),(288,252),(289,252),(290,252),(291,252),(292,199),(293,252),(294,252),(295,252),(296,252),(297,252),(298,27),(298,252),(299,252),(299,491),(300,46),(300,48),(300,97),(300,252),(301,222),(301,252),(302,118),(302,252),(303,27),(303,252),(304,27),(304,252),(305,249),(305,252),(306,71),(306,199),(306,456),(307,27),(307,252),(308,30),(308,33),(308,137),(308,252),(309,134),(309,252),(310,46),(310,48),(310,252),(311,280),(312,252),(312,338),(312,362),(312,520),(313,252),(313,482),(314,133),(314,252),(314,361),(314,461),(315,30),(315,49),(316,252),(316,381),(317,252),(317,381),(318,27),(318,252),(319,321),(319,408),(319,450),(320,67),(320,248),(320,380),(320,533),(321,128),(321,146),(321,252),(321,394),(321,500),(322,125),(322,128),(322,252),(322,370),(322,500),(323,137),(323,252),(323,382),(323,446),(324,59),(324,76),(324,159),(324,169),(324,527),(325,46),(325,48),(325,252),(325,406),(325,488),(326,34),(326,48),(326,252),(326,484),(326,489),(327,30),(327,32),(327,252),(327,468),(328,252),(329,252),(329,505),(330,252),(331,252),(332,252),(333,252),(333,516),(334,252),(335,252),(336,252),(337,197),(337,252),(338,252),(339,252),(339,477),(340,252),(341,30),(341,252),(342,252),(343,252),(343,381),(344,252),(344,482),(345,146),(345,252),(346,119),(346,252),(346,292),(346,395),(347,310),(347,348),(347,426),(348,148),(348,209),(348,398),(349,193),(349,252),(349,322),(350,117),(350,252),(350,263),(351,43),(351,252),(351,453),(351,500),(352,101),(352,165),(352,252),(353,33),(353,48),(353,252),(354,25),(354,30),(354,351),(354,490),(355,46),(355,174),(355,237),(355,252),(355,524),(356,30),(356,33),(356,252),(356,407),(356,488),(357,99),(357,165),(357,252),(358,244),(358,256),(358,293),(358,481),(359,190),(359,252),(360,92),(360,252),(360,460),(360,518),(361,164),(361,252),(361,313),(361,376),(361,469),(362,283),(362,337),(362,479),(363,33),(363,48),(363,137),(363,252),(363,406),(364,120),(364,252),(364,274),(364,333),(365,167),(365,262),(365,273),(365,457),(365,482),(366,252),(367,252),(368,252),(368,260),(368,470),(369,108),(369,252),(369,267),(369,494),(370,3),(370,19),(370,215),(370,252),(371,137),(371,252),(371,272),(372,252),(372,440),(373,252),(374,92),(374,252),(375,123),(375,183),(375,218),(375,252),(376,48),(376,194),(376,252),(376,340),(377,46),(377,48),(377,252),(377,484),(377,488),(378,252),(379,81),(379,252),(380,99),(380,165),(380,252),(381,147),(381,252),(382,258),(382,302),(382,347),(382,408),(382,471),(383,252),(384,116),(384,149),(384,252),(384,318),(384,528),(385,30),(385,33),(385,192),(385,252),(385,441),(386,252),(386,466),(387,40),(387,447),(388,46),(388,48),(388,97),(388,252),(389,40),(389,447),(390,38),(390,252),(390,275),(391,149),(391,271),(392,30),(392,33),(392,97),(392,252),(392,382),(393,85),(393,252),(393,404),(393,512),(394,281),(395,65),(395,104),(395,119),(395,202),(395,319),(396,75),(396,96),(396,171),(396,224),(396,225),(397,252),(397,491),(398,125),(398,212),(398,371),(398,396),(399,285),(399,499),(399,530),(400,252),(400,277),(400,390),(401,164),(401,252),(401,313),(401,376),(401,469),(402,495),(403,108),(403,124),(403,267),(404,30),(404,79),(404,190),(404,252),(405,178),(405,369),(405,400),(405,401),(406,46),(406,48),(406,523),(406,524),(407,252),(408,47),(408,180),(408,439),(408,504),(409,10),(409,252),(409,364),(409,480),(410,252),(410,498),(411,99),(411,165),(411,252),(412,120),(412,252),(412,274),(412,333),(413,65),(413,89),(413,188),(413,328),(414,171),(414,252),(414,269),(415,146),(415,252),(416,252),(417,252),(418,252),(419,252),(419,501),(420,252),(421,378),(421,399),(422,252),(423,316),(423,394),(423,408),(423,450),(423,452),(424,242),(424,246),(424,252),(424,365),(424,419),(425,30),(425,33),(425,252),(425,382),(426,13),(426,155),(426,264),(426,395),(427,46),(427,174),(427,237),(427,252),(427,524),(428,174),(428,252),(429,52),(429,53),(429,252),(430,40),(430,447),(431,20),(431,111),(431,252),(431,444),(432,241),(432,253),(432,255),(433,252),(434,94),(434,132),(434,252),(434,482),(434,531),(435,283),(435,288),(436,252),(436,290),(437,90),(437,392),(437,493),(438,252),(439,27),(439,69),(439,252),(439,452),(440,94),(440,246),(440,252),(441,252),(441,254),(441,342),(442,108),(442,252),(442,319),(443,30),(443,32),(443,247),(443,300),(443,431),(444,66),(444,252),(444,521),(445,104),(445,202),(445,454),(446,37),(446,252),(447,58),(447,128),(447,252),(447,368),(447,379),(448,57),(448,84),(448,156),(448,252),(449,252),(450,30),(450,252),(451,252),(451,482),(452,252),(453,252),(454,197),(454,252),(455,252),(455,342),(455,502),(456,327),(456,362),(456,520),(457,252),(458,91),(458,94),(458,252),(458,511),(459,136),(459,252),(459,276),(459,377),(460,6),(460,30),(460,252),(460,484),(460,490),(461,166),(461,252),(462,127),(462,243),(462,252),(462,415),(462,421),(462,514),(463,46),(463,48),(463,252),(463,338),(464,91),(464,94),(464,252),(465,166),(465,251),(465,252),(466,252),(467,107),(467,168),(467,252),(468,114),(468,132),(468,252),(468,482),(468,531),(469,22),(469,191),(469,199),(469,305),(469,508),(470,91),(470,94),(470,232),(470,252),(471,252),(472,282),(473,252),(473,392),(473,493),(474,252),(474,390),(474,443),(475,24),(475,36),(475,160),(475,532),(476,94),(476,132),(476,252),(476,482),(476,531),(477,252),(477,501),(478,167),(478,252),(478,457),(478,482),(479,252),(479,312),(480,87),(480,152),(480,227),(480,266),(481,70),(481,73),(481,355),(481,486),(481,513),(482,133),(482,252),(482,366),(482,461),(483,190),(483,252),(484,11),(484,242),(484,246),(484,252),(485,46),(485,174),(485,252),(485,406),(486,26),(486,196),(486,197),(486,252),(487,142),(487,252),(487,278),(488,29),(488,302),(488,347),(488,383),(488,471),(489,126),(489,291),(489,323),(489,420),(489,522),(490,40),(490,447),(491,252),(492,46),(492,48),(492,252),(492,406),(493,35),(493,72),(493,252),(493,329),(493,472),(494,139),(494,250),(494,252),(495,175),(495,252),(495,319),(495,465),(496,54),(496,234),(496,305),(496,372),(496,485),(497,252),(498,144),(498,343),(498,475),(498,503),(499,101),(499,165),(499,252),(500,80),(500,103),(500,236),(500,252),(501,181),(501,252),(501,314),(501,385),(501,448),(501,492),(502,222),(502,223),(502,252),(503,252),(504,2),(504,239),(504,311),(504,409),(504,433),(505,252),(506,18),(506,252),(507,55),(507,62),(507,203),(507,252),(508,252),(509,86),(509,286),(509,299),(510,252),(510,259),(510,417),(510,482),(511,109),(511,252),(511,466),(512,99),(512,165),(512,252),(513,474),(513,496),(514,108),(514,267),(514,319),(515,40),(515,447),(516,252),(516,295),(516,313),(517,93),(517,221),(517,349),(517,375),(517,427),(518,252),(518,322),(519,116),(519,149),(519,252),(519,318),(520,252),(521,99),(521,101),(521,165),(521,173),(521,252),(522,46),(522,48),(522,194),(522,252),(523,48),(523,338),(523,520),(524,252),(525,146),(525,252),(526,46),(526,48),(526,97),(526,252),(527,48),(527,252),(527,265),(528,82),(528,296),(528,383),(528,462),(528,471),(529,252),(530,77),(530,89),(530,252),(530,356),(531,7),(531,199),(531,234),(531,363),(531,436),(531,455),(532,190),(532,252),(533,195),(533,231),(533,347),(533,393),(533,452),(534,40),(534,447),(535,30),(535,129),(535,141),(535,190),(535,201),(535,252),(536,252),(536,374),(536,418),(537,279),(538,283),(538,337),(538,479),(539,32),(539,247),(539,429),(540,46),(540,48),(540,252),(540,406),(541,100),(541,319),(541,451),(542,30),(542,252),(543,14),(543,187),(543,244),(543,467),(544,252),(545,252),(545,466),(546,338),(546,362),(546,483),(546,520),(547,252),(548,9),(548,78),(548,88),(548,122),(549,167),(549,252),(549,262),(549,457),(549,482),(550,198),(550,207),(550,252),(551,30),(551,252),(551,270),(552,118),(552,150),(552,252),(553,35),(553,184),(553,252),(553,329),(553,472),(554,92),(554,252),(555,17),(555,252),(556,97),(556,209),(556,332),(556,339),(557,158),(557,238),(557,411),(557,412),(557,413),(558,30),(558,190),(558,252),(559,12),(559,191),(559,199),(559,305),(559,424);
/*!40000 ALTER TABLE `papersauthors` ENABLE KEYS */;
UNLOCK TABLES;

--
-- Table structure for table `papersinfo`
--

DROP TABLE IF EXISTS `papersinfo`;
/*!40101 SET @saved_cs_client     = @@character_set_client */;
/*!50503 SET character_set_client = utf8mb4 */;
CREATE TABLE `papersinfo` (
  `ref_paper` int NOT NULL,
  `title` varchar(200) DEFAULT NULL,
  `publiyear` int DEFAULT NULL,
  `ref_publication` int DEFAULT NULL,
  `url` varchar(200) DEFAULT NULL,
  PRIMARY KEY (`ref_paper`)
) ENGINE=InnoDB DEFAULT CHARSET=utf8mb4 COLLATE=utf8mb4_0900_ai_ci;
/*!40101 SET character_set_client = @saved_cs_client */;

--
-- Dumping data for table `papersinfo`
--

LOCK TABLES `papersinfo` WRITE;
/*!40000 ALTER TABLE `papersinfo` DISABLE KEYS */;
INSERT INTO `papersinfo` VALUES (1,'Transaction processing: concepts and techniques',1993,41,'UNKNOWN'),(2,'Notes on data base operating systems',1978,33,'http://www.springerlink.com/index/p24u11v1432k4t27.pdf'),(3,'Data cube: A relational aggregation operator generalizing group-by cross-tab and sub-totals',1997,33,'http://www.springerlink.com/index/l105x6337j100052.pdf'),(4,'The notions of consistency and predicate locks in a database system',1976,74,'http://portal.acm.org/citation.cfm?id=360363.360369'),(5,'The dangers of replication and a solution',1996,74,'http://portal.acm.org/citation.cfm?id=233269.233330'),(6,'Parallel database systems: the future of high performance database systems',1992,74,'http://portal.acm.org/citation.cfm?id=129894'),(7,'The sixth data release of the sloan digital sky survey',2008,64,'http://iopscience.iop.org/0067-0049/175/2/297'),(8,'The transaction concept: Virtues and limitations',1981,7,'UNKNOWN'),(9,'Why do computers stop and what can be done about it',1986,7,'UNKNOWN'),(10,'A critique of ANSI SQL isolation levels',1995,74,'http://portal.acm.org/citation.cfm?id=223784.223785'),(11,'Benchmark handbook: for database and transaction processing systems',1992,74,'UNKNOWN'),(12,'A census of Tandem system availability between 1985 and 1990',1990,60,'http://ieeexplore.ieee.org/xpls/abs_all.jsp?arnumber=58719'),(13,'Disk shadowing',1988,7,'UNKNOWN'),(14,'The recovery manager of the System R database manager',1981,74,'http://portal.acm.org/citation.cfm?id=356847'),(15,'Increase in viral gastroenteritis outbreaks in Europe and epidemic spread of new norovirus variant',2004,10,'http://linkinghub.elsevier.com/retrieve/pii/S0140673604156419'),(16,'The sloan digital sky survey quasar survey: Quasar luminosity function from data release 3',2006,64,'http://iopscience.iop.org/1538-3881/131/6/2766'),(17,'The Sloan Digital Sky Survey Quasar Catalog. IV. Fifth Data Release',2007,64,'http://iopscience.iop.org/1538-3881/134/1/102'),(18,'The Sloan Digital Sky Survey Quasar Catalog. III. Third Data Release',2005,64,'http://iopscience.iop.org/1538-3881/130/2/367'),(19,'The Asilomar report on database research',1998,74,'http://portal.acm.org/citation.cfm?id=306137&dl='),(20,'High-Availability Computer Systems}',0,44,'http://www.computer.org/portal/web/csdl/doi/10.1109/2.84898'),(21,'Parity striping of disc arrays: low-cost reliable storage with acceptable throughput',1990,7,'UNKNOWN'),(22,'The Sloan digital sky survey quasar catalog. II. First data release',2003,64,'http://iopscience.iop.org/1538-3881/126/6/2579'),(23,'Rules of thumb in data engineering',0,38,'http://www.computer.org/portal/web/csdl/doi/10.1109/ICDE.2000.839382'),(24,'Scientific data management in the coming decade',2005,74,'http://portal.acm.org/citation.cfm?id=1107499.1107503'),(25,'Quickly generating billion-record synthetic databases',1994,74,'http://portal.acm.org/citation.cfm?id=191886'),(26,'Designing and mining multi-terabyte astronomy archives: the Sloan Digital Sky Survey',2000,74,'http://portal.acm.org/citation.cfm?id=342009.335439'),(27,'Consensus on transaction commit',2006,74,'http://portal.acm.org/citation.cfm?id=1132867'),(28,'GPUTeraSort: high performance graphics co-processor sorting for large database management',2006,74,'http://portal.acm.org/citation.cfm?id=1142511'),(29,'AlphaSort: a RISC machine sort',1994,74,'http://portal.acm.org/citation.cfm?id=191884'),(30,'The benchmark handbook',1991,17,'UNKNOWN'),(31,'Transaction processing',1993,17,'UNKNOWN'),(32,'The Lowell database research self-assessment',2005,74,'http://portal.acm.org/citation.cfm?id=1060718'),(33,'Reassortment in vivo: driving force for diversity of human rotavirus strains isolated in the United Kingdom between 1995 and 1999',2001,2,'http://jvi.asm.org/cgi/content/abstract/75/8/3696'),(34,'Microsoft TerraServer: a spatial data warehouse',2000,74,'http://portal.acm.org/citation.cfm?id=335191.335424'),(35,'Distributed computing economics',2008,74,'http://portal.acm.org/citation.cfm?id=1394131'),(36,'The world-wide telescope',2001,77,'http://www.sciencemag.org/cgi/content/abstract/293/5537/2037'),(37,'Cosmological parameters from eigenmode analysis of Sloan Digital Sky Survey galaxy redshifts',2004,64,'http://iopscience.iop.org/0004-637X/607/2/655'),(38,'Effects of passive immunization in patients with the acquired immunodeficiency syndrome-related complex and acquired immunodeficiency syndrome',1988,25,'http://www.pnas.org/content/85/23/9234.abstract'),(39,'A memory model for scientific algorithms on graphics processors',2006,44,'http://www.computer.org/portal/web/csdl/doi/10.1109/SC.2006.2'),(40,'Parallel database systems: The future of high performance database processing',1992,7,'UNKNOWN'),(41,'A straw man analysis of probability of waiting and deadlock',1981,38,'UNKNOWN'),(42,'The 5 minute rule for trading memory for disc accesses and the 10 byte rule for trading memory for CPU time',1987,74,'http://portal.acm.org/citation.cfm?id=38755'),(43,'What next?: A dozen information-technology research goals',2003,74,'http://portal.acm.org/citation.cfm?id=602401'),(44,'The five-minute rule ten years later and other computer storage rules of thumb',1997,74,'http://portal.acm.org/citation.cfm?id=271094'),(45,'Fault tolerance in tandem computer systems',1987,7,'UNKNOWN'),(46,'Parallel database systems: The future of database processing or a passing fad?',1990,74,'http://portal.acm.org/citation.cfm?id=122058.122071&dl=GUIDE&dl=GUIDE&idx=J689&part=periodical&WantType=periodical&title=ACM%20SIGMOD%20Record'),(47,'Rotavirus epidemiology and surveillance',2001,56,'UNKNOWN'),(48,'Rotavirus genotyping: keeping up with an evolving population of human rotaviruses',2004,10,'http://linkinghub.elsevier.com/retrieve/pii/S1386653204001520'),(49,'The SDSS skyserver: public access to the sloan digital sky server data',2002,74,'http://portal.acm.org/citation.cfm?id=564758'),(50,'What\'s next in high-performance computing?',2002,74,'http://portal.acm.org/citation.cfm?id=503124.503129'),(51,'A benchmark of NonStop SQL Release 2 demonstrating near-linear speedup and scaleup on large databases',1990,74,'http://portal.acm.org/citation.cfm?id=98457.98766'),(52,'Molecular characterization of VP6 genes of human rotavirus isolates: correlation of genogroups with subgroups and evidence of independent segregation',2002,2,'http://jvi.asm.org/cgi/content/abstract/76/13/6596'),(53,'The design and architecture of the Microsoft Cluster Service-apractical approach to high-availability and scalability',1998,60,'http://ieeexplore.ieee.org/xpls/abs_all.jsp?arnumber=689494'),(54,'Hash Join Algorithms in a Multiuser Environment',1990,7,'UNKNOWN'),(55,'The convoy phenomenon',1979,74,'http://portal.acm.org/citation.cfm?id=850657.850659'),(56,'Characterisation of rotavirus G9 strains isolated in the UK between 1995 and 1998',2000,62,'http://www3.interscience.wiley.com/journal/72510896/abstract'),(57,'\"A summertime peak of\"\" winter vomiting disease\"\": surveillance of noroviruses in England and Wales 1995 to 2002\"',2003,39,'UNKNOWN'),(58,'The revolution yet to happen',1998,38,'http://arxiv.org/abs/cs.GL/9809010'),(59,'The cost of messages',1988,74,'http://portal.acm.org/citation.cfm?id=62547'),(60,'A transaction model',1980,33,'http://www.springerlink.com/index/775058u918684608.pdf'),(61,'Characterization of G10P [11] rotaviruses causing acute gastroenteritis in neonates and infants in Vellore India',2004,2,'http://jcm.asm.org/cgi/content/abstract/42/6/2541'),(62,'Petascale computational systems',2006,60,'http://ieeexplore.ieee.org/xpls/abs_all.jsp?arnumber=1580395'),(63,'Data management in the worldwide sensor web',2007,50,'http://doi.ieeecomputersociety.org/10.1109/10.1109/MPRV.2007.27'),(64,'The fourth data release of the Sloan Digital Sky Survey',2006,64,'http://iopscience.iop.org/0067-0049/162/1/38'),(65,'Diversity of noroviruses cocirculating in the north of England from 1998 to 2001',2004,2,'http://jcm.asm.org/cgi/content/abstract/42/4/1396'),(66,'An approach to decentralized computer systems',1986,7,'UNKNOWN'),(67,'Polymerase chain reaction evidence for human immunodeficiency virus 1 neutralization by passive immunization in patients with AIDS and AIDS-related complex',1990,25,'http://www.pnas.org/cgi/content/abstract/87/19/7613'),(68,'The Benchmark Handbook for Database and Transaction Systems',1991,23,'UNKNOWN'),(69,'Data mining the SDSS SkyServer database',2002,38,'http://arxiv.org/abs/cs/0202014'),(70,'Fcast multicast file distribution',0,7,'UNKNOWN'),(71,'When database systems meet the grid',2005,38,'http://arxiv.org/abs/cs.DC/0502018'),(72,'Asymptomatic and symptomatic excretion of noroviruses during a hospital outbreak of gastroenteritis',2004,2,'http://jcm.asm.org/cgi/content/abstract/42/5/2271'),(73,'Granularity of locks in a large shared data base',1975,38,'UNKNOWN'),(74,'Notes on data base operating systems. In volume 60',0,38,'UNKNOWN'),(75,'Human rotavirus G9 and G3 as major cause of diarrhea in hospitalized children Spain',2006,66,'UNKNOWN'),(76,'The world-wide telescope',2002,74,'http://portal.acm.org/citation.cfm?id=581572'),(77,'Windows 2000 Disk IO Performance',2000,7,'UNKNOWN'),(78,'Amino acid substitution within the VP7 protein of G2 rotavirus strains associated with failure to serotype',2001,2,'http://jcm.asm.org/cgi/content/abstract/39/10/3796'),(79,'Transaction processing: concepts and technology',1993,38,'UNKNOWN'),(80,'Evidence for genetic linkage between the gene segments encoding NSP4 and VP6 proteins in common and reassortant human rotavirus strains',2003,2,'http://jcm.asm.org/cgi/content/abstract/41/8/3566'),(81,'A Performance Study of Sequential I/O on Windows NT (TM) 4',1998,80,'http://www.usenix.org/publications/library/proceedings/lisa97/failsafe/usenix-nt98/full_papers/riedel/riedel_html/riedel.bak.html'),(82,'Alphasort: A cache-sensitive parallel external sort',1995,74,'http://portal.acm.org/citation.cfm?id=615237'),(83,'FastSort: a distributed single-input single-output external sort',1990,74,'http://portal.acm.org/citation.cfm?id=93597.98719'),(84,'The next database revolution',2004,74,'http://portal.acm.org/citation.cfm?id=1007568.1007570'),(85,'One thousand transactions per second',0,7,'UNKNOWN'),(86,'Empirical measurements of disk failure rates and error rates',2007,38,'http://arxiv.org/abs/cs/0701166'),(87,'Transactions and consistency in distributed database systems',1982,74,'http://portal.acm.org/citation.cfm?id=319732.319734'),(88,'Scalability terminology: Farms clones partitions and packs: RACS and RAPS',1999,38,'UNKNOWN'),(89,'Multiple norovirus genotypes characterised from an oyster-associated outbreak of gastroenteritis',2005,10,'http://linkinghub.elsevier.com/retrieve/pii/S0168160505001650'),(90,'European Society for Paediatric Infectious Diseases/European Society for paediatric gastroenterology hepatology and nutrition evidence-based recommendations for',2008,67,'http://journals.lww.com/jpgn/Abstract/2008/05002/European_Society_for_Paediatric_Infectious.6.aspx'),(91,'Chronic excretion of a norovirus in a child with cartilage hair hypoplasia (CHH)',2004,42,'http://cat.inist.fr/?aModele=afficheN&cpsidt=15738003'),(92,'Where the rubber meets the sky: Bridging the gap between databases and science',2005,38,'http://arxiv.org/abs/cs/0502011'),(93,'The zoonotic potential of rotavirus',2004,10,'http://linkinghub.elsevier.com/retrieve/pii/S0163445304000143'),(94,'Why do computers stop and what can we do about it',1987,38,'UNKNOWN'),(95,'A conversation with Jim Gray',2003,38,'UNKNOWN'),(96,'Loading databases using dataflow parallelism',1994,74,'http://portal.acm.org/citation.cfm?id=190647'),(97,'Rotavirus vaccines: considerations for successful implementation in Europe',2006,10,'http://linkinghub.elsevier.com/retrieve/pii/S1473309906706570'),(98,'TerraService .NET: An introduction to web services',2002,38,'http://arxiv.org/abs/cs.DL/0208010'),(99,'A comparison of the Byzantine agreement problem and the transaction commit problem',1990,33,'http://www.springerlink.com/index/88560114pw7361jt.pdf'),(100,'Quantitation of group A rotavirus by real-time reverse-transcription-polymerase chain reaction: correlation with clinical severity in children in South India',2004,62,'http://www3.interscience.wiley.com/journal/107638785/abstract'),(101,'Polymerase chain reaction can detect bacterial DNA in aseptically loose total hip arthroplasties',2004,67,'http://journals.lww.com/corr/Abstract/2004/10000/Polymerase_Chain_Reaction_Can_Detect_Bacterial_DNA.23.aspx'),(102,'Flash disk opportunity for server applications',2008,74,'http://portal.acm.org/citation.cfm?id=1413254.1413261'),(103,'Rotavirus G and P genotypes in rural Ghana',2001,2,'http://jcm.asm.org/cgi/content/abstract/39/5/1981'),(104,'2020 Computing: Science in an exponential world',2006,68,'http://www.nature.com/nature/journal/v440/n7083/full/440413a.html?ref=Guzels.TV'),(105,'Sort benchmark home page',1997,38,'UNKNOWN'),(106,'Future Directions in DBMS Research-The Laguna Beach Participants',1989,74,'UNKNOWN'),(107,'European multi-centre evaluation of commercial enzyme immunoassays for detecting Norovirus antigen in faecal samples',2007,2,'http://cvi.asm.org/cgi/content/abstract/CVI.00214-07v1'),(108,'Evolution of data management',1996,60,'http://ieeexplore.ieee.org/xpls/abs_all.jsp?arnumber=539719'),(109,'Digital Immortality1',2000,7,'UNKNOWN'),(110,'Life under your feet: A wireless soil ecology sensor network',2006,53,'UNKNOWN'),(111,'Analysis of amino acid variation in the P2 domain of the GII-4 norovirus VP1 protein reveals putative variant-specific epitopes',2008,69,'UNKNOWN'),(112,'Genital carriage of human papilloma virus (HPV) DNA in prepubertal girls with and without vulval disease',2003,62,'http://www3.interscience.wiley.com/journal/118842118/abstract'),(113,'Environmental monitoring for gastroenteric viruses in a pediatric primary immunodeficiency unit',2006,2,'http://jcm.asm.org/cgi/content/abstract/44/2/395'),(114,'Molecular detection and characterization of human enteroviruses directly from clinical samples using RT-PCR and DNA sequencing',2006,62,'http://www3.interscience.wiley.com/journal/112221485/abstract'),(115,'Diversity of enteric viruses detected in patients with gastroenteritis in a tertiary referral paediatric hospital',2004,62,'http://www3.interscience.wiley.com/journal/108565963/abstract'),(116,'Indexing the sphere with the hierarchical triangular mesh',2007,38,'http://arxiv.org/abs/cs.DB/0701164'),(117,'The revolution in database architecture',2004,75,'UNKNOWN'),(118,'Dependability in the Internet era',2001,38,'UNKNOWN'),(119,'Storage bricks have arrived',2002,74,'http://portal.acm.org/citation.cfm?id=1083347'),(120,'A Survey of Parallel Database Techniques and Systems',1995,38,'UNKNOWN'),(121,'Put EVERYTHING in the storage device',1998,38,'UNKNOWN'),(122,'Efficient multidimensional data aggregation operator implementation',1998,12,'http://www.google.com/patents?hl=en&lr=&vid=USPAT5822751&id=sth2AAAAEBAJ&oi=fnd&dq=%22jim+gray%22&printsec=abstract'),(123,'New oligonucleotide primers for P-typing of rotavirus strains: strategies for typing previously untypeable strains',2008,10,'http://linkinghub.elsevier.com/retrieve/pii/S1386653208000723'),(124,'High performance computing: Crays clusters and centers',2001,38,'UNKNOWN'),(125,'Single-tube real-time nested polymerase chain reaction for detecting human papillomavirus DNA',2000,67,'http://journals.lww.com/molecularpathology/Abstract/2000/09000/Single_Tube_Real_Time_Nested_Polymerase_Chain.5.aspx'),(126,'Batch is back: CasJobs serving multi-TB data on the Web',0,38,'http://ieeexplore.ieee.org/xpls/abs_all.jsp?arnumber=1530780'),(127,'Skyserver traffic report-the first five years',2007,38,'http://arxiv.org/abs/cs.DB/0701173'),(128,'Super-servers: Commodity computer clusters pose a software challenge',1995,75,'UNKNOWN'),(129,'A conversation with jim gray',0,38,'http://portal.acm.org/citation.cfm?id=864056.864078'),(130,'The zones algorithm for finding points-near-a-point or cross-matching spatial datasets',2007,38,'http://arxiv.org/abs/cs/0701171'),(131,'Microsoft TerraServer',1998,38,'http://arxiv.org/abs/cs/9809011'),(132,'Transaction Processing: Concepts and Techniques',2008,23,'UNKNOWN'),(133,'Greetings from a filesystem user',0,38,'UNKNOWN'),(134,'The world wide telescope: An archetype for online science',2004,38,'http://arxiv.org/abs/cs.DB/0403018'),(135,'Petabyte Scale Data Mining: Dream or Reality?',2002,38,'http://arxiv.org/abs/cs.DB/0208013'),(136,'Rotavirus subgroup characterisation by restriction endonuclease digestion of a cDNA fragment of the VP6 gene',2002,10,'http://linkinghub.elsevier.com/retrieve/pii/S0166093402000873'),(137,'Terascale sneakernet: Using inexpensive disks for backup archiving and data exchange',2002,38,'http://arxiv.org/abs/cs/0208011'),(138,'Methods for the detection and characterisation of noroviruses associated with outbreaks of gastroenteritis: outbreaks occurring in the north-west of England during two',2004,62,'http://www3.interscience.wiley.com/journal/108561386/abstract'),(139,'Detection of viral bacterial and parasitological RNA or DNA of nine intestinal pathogens in fecal samples archived as part of the English infectious intestinal disease',2005,67,'http://journals.lww.com/molecularpathology/Abstract/2005/06000/Detection_of_Viral_Bacterial_and_Parasitological.6.aspx'),(140,'The Importance of Data Locality in Distributed Computing Applications',2006,72,'http://people.cs.uchicago.edu/~iraicu/publications/2006_NSF_Workflows_Workshop.pdf'),(141,'There goes the neighborhood: Relational algebra for spatial data search',2004,38,'http://arxiv.org/abs/cs.DB/0408031'),(142,'Queues are databases',2007,38,'http://arxiv.org/abs/cs/0701158'),(143,'Life under your feet: An end-to-end soil ecology sensor network database web server and analysis service',2007,38,'http://arxiv.org/abs/cs.DB/0701170'),(144,'Life under your feet: a wireless sensor network for soil ecology',2006,38,'UNKNOWN'),(145,'Contamination of primary total hip replacements in standard and ultra-clean operating theaters detected by the polymerase chain reaction',2004,61,'http://www.informaworld.com/index/759369206.pdf'),(146,'Web services for the Virtual Observatory',2002,38,'http://arxiv.org/abs/cs/0208014'),(147,'What next? A few remaining problems in Information Technology',0,75,'UNKNOWN'),(148,'The future of high performance database systems',1992,38,'UNKNOWN'),(149,'EOSDIS alternative architecture',1994,75,'UNKNOWN'),(150,'Migrating a multiterabyte archive from object to relational databases',0,38,'http://ieeexplore.ieee.org/xpls/abs_all.jsp?arnumber=1225857'),(151,'Seroepidemiology of group C rotavirus infection in England and Wales',2004,33,'http://www.springerlink.com/index/k08572w03166443n.pdf'),(152,'Online scientific data curation publication and archiving',2002,38,'http://arxiv.org/abs/cs.DL/0208012'),(153,'What happens when processing storage and bandwidth are free and infinite?',1997,85,'UNKNOWN'),(154,'What happens when processors are infinitely fast and storage is free',1997,38,'UNKNOWN'),(155,'High Performance Computing: Crays Clusters and Centers. What Next?',2001,7,'UNKNOWN'),(156,'Sequential I/O on Windows NT 4.0: Achieving Top Performance',1998,75,'UNKNOWN'),(157,'FastSort: An External Sort Using Parallel Processing',1986,7,'UNKNOWN'),(158,'The catalog archive server database management system',2008,78,'UNKNOWN'),(159,'Gastroenteritis outbreak in British troops Iraq',2005,66,'UNKNOWN'),(160,'Database and Transaction Processing Performance Handbook',0,38,'UNKNOWN'),(161,'Tape is dead disk is tape flash is disk RAM locality is king',2007,79,'http://www.signallake.com/innovation/Flash_is_Good.pdf'),(162,'To BLOB or Not To BLOB: Large Object Storage in a Database or a Filesystem?',2007,38,'http://arxiv.org/abs/cs.DB/0701168'),(163,'Pharmacokinetics of intravenous flucloxacillin and amoxicillin in neonatal and infant cardiopulmonary bypass surgery',2004,9,'http://ejcts.ctsnetjournals.org/cgi/content/abstract/25/2/256'),(164,'Batch query system with interactive local storage for SDSS and the VO',2004,37,'UNKNOWN'),(165,'Characterization of sapoviruses collected in the United Kingdom from 1989 to 2004',2006,62,'http://www3.interscience.wiley.com/journal/112535790/abstract'),(166,'Characterisation of norovirus strains in rural Ghanaian children with acute diarrhoea',2006,62,'http://www3.interscience.wiley.com/journal/113347932/abstract'),(167,'Linking healthcare associated norovirus outbreaks: a molecular epidemiologic method for investigating transmission',2006,39,'UNKNOWN'),(168,'Supporting finite element analysis with a relational database backend part i: There is life beyond files',2007,38,'http://arxiv.org/abs/cs.DB/0701159'),(169,'J. vandenBerg. Online Scientific Data Curation Publication and Archiving',2002,38,'UNKNOWN'),(170,'Rotavirus',2008,67,'http://journals.lww.com/jpgn/Abstract/2008/05002/Rotavirus.4.aspx'),(171,'Epidemiology of rotavirus in Portugal: G9 as a major cause of diarrhoea in non-hospitalised children',2007,42,'http://cat.inist.fr/?aModele=afficheN&cpsidt=19193356'),(172,'The Sloan Digital Sky Survey Quasar Catalog. 2. First Data Release',0,38,'UNKNOWN'),(173,'Parallel Database Systems Survey',0,38,'UNKNOWN'),(174,'A conversation with Werner Vogels',2006,46,'UNKNOWN'),(175,'Locking',1970,74,'http://portal.acm.org/citation.cfm?id=1344551.1344568'),(176,'Inside SQL server 2000',2001,21,'UNKNOWN'),(177,'The 5 minute rule for trading memory for disc accesses and the 5 byte rule for trading memory for cpu time',1986,59,'UNKNOWN'),(178,'TerraServer Bricks-A High Availability Cluster Alternative',2004,7,'UNKNOWN'),(179,'Diagnosing rotavirus A associated IID: using ELISA to identify a cut-off for real time RT-PCR',2009,10,'http://linkinghub.elsevier.com/retrieve/pii/S1386653208004253'),(180,'The Sloan Digital Sky Survey and its Archive',1999,38,'http://arxiv.org/abs/astro-ph/9912382'),(181,'J. vandenBerg. Online scientific data curation publication',2002,38,'UNKNOWN'),(182,'G2P [4] the most prevalent rotavirus genotype in 2007 winter season in an European non-vaccinated population',2009,10,'http://linkinghub.elsevier.com/retrieve/pii/S1386653209001139'),(183,'Use of a heminested reverse transcriptase PCR assay for detection of astrovirus in environmental swabs from an outbreak of gastroenteritis in a pediatric primary',2005,2,'http://jcm.asm.org/cgi/content/abstract/43/8/3890'),(184,'Designing a multi-petabyte database for LSST',2006,38,'http://arxiv.org/abs/cs.db/0604112'),(185,'A census of Tandem system availability: 1985-1990',1990,38,'UNKNOWN'),(186,'Microsoft and Grid Computing',2002,38,'UNKNOWN'),(187,'Practical problems in data management: a position paper',1983,74,'UNKNOWN'),(188,'Transparency in its place: the case against transparent access to geographically distributed data',1994,74,'UNKNOWN'),(189,'Transaction Processing: Concepts and Techniques chapter 15',1992,24,'UNKNOWN'),(190,'Storage metrics',1997,75,'UNKNOWN'),(191,'Desktop batch processing',1994,7,'UNKNOWN'),(192,'Performance/price sort and PennySort',1998,7,'UNKNOWN'),(193,'Fcast Scalable Multicast File Distribution: Caching And Parameter Optimizations',1999,7,'UNKNOWN'),(194,'A quick look at Serial ATA (SATA) disk performance',2003,7,'UNKNOWN'),(195,'Nsort: a Parallel Sorting program for NUMA and SMP Machines',1997,55,'http://en.scientificcommons.org/42734100'),(196,'Fcast multicast file distribution: Tune in download and drop out',0,7,'UNKNOWN'),(197,'The lowell report',2003,74,'http://portal.acm.org/citation.cfm?id=872757.872873'),(198,'SkyQuery-A Prototype Distributed Query Web Service for the Virtual Observatory',2003,37,'UNKNOWN'),(199,'The control structure of an operating system',0,7,'UNKNOWN'),(200,'Operating Systems An Advanced Course',1978,74,'UNKNOWN'),(201,'Passive immunization in ARC and AIDS',1990,33,'http://www.springerlink.com/index/U3LL163P71WR6502.pdf'),(202,'Functionality Availability Agility Manageability Scalability: the New Priorities of Application Design',2001,7,'UNKNOWN'),(203,'Scientific data federation: The world wide telescope',2004,38,'UNKNOWN'),(204,'A call to arms',2005,74,'UNKNOWN'),(205,'Science in an exponential world',2006,75,'UNKNOWN'),(206,'Scale up with TP monitors',1995,19,'UNKNOWN'),(207,'A minute with Nsort on a 32P NEC Windows Itanium2 server',2004,75,'UNKNOWN'),(208,'The Sloan Digital Sky Survey Science Archive: Migrating a Multi-Terabyte Astronomical Archive from Object to Relational DBMS',2004,38,'http://arxiv.org/abs/cs/0403020'),(209,'Fault tolerance in Tandem computer systems',1986,38,'UNKNOWN'),(210,'Transmission events within outbreaks of gastroenteritis determined through analysis of nucleotide sequences of the P2 domain of genogroup II noroviruses',2008,2,'http://jcm.asm.org/cgi/content/abstract/46/3/947'),(211,'Ribofuranosyl triazolone: a natural product herbicide with activity on adenylosuccinate synthetase following phosphorylation',2000,1,'http://pubs.acs.org/doi/abs/10.1021/np990590i'),(212,'Supporting Finite Element Analysis with a Relational Database Backend Part II: Database Design and Access',2007,38,'http://arxiv.org/abs/cs/0701160'),(213,'Thousands of DebitCredit Transactions-Per-Second: Easy and Inexpensive',2007,38,'http://arxiv.org/abs/cs/0701161'),(214,'Transaction Processing: concepts and techniques. Morgan and Kaufmann Publishers',1993,38,'UNKNOWN'),(215,'Contamination of the hospital environment with gastroenteric viruses: comparison of two pediatric wards over a winter season',2008,2,'http://jcm.asm.org/cgi/content/abstract/46/9/3112'),(216,'Maritime terror: protecting yourself your vessel and your crew against piracy',1998,30,'UNKNOWN'),(217,'Spatial clustering of galaxies in large datasets',2002,38,'http://arxiv.org/abs/cs.DB/0208015'),(218,'The SDSS Quasar Survey: Quasar Luminosity Function from Data Release Three',2006,64,'http://iopscience.iop.org/1538-3881/131/6/2766/datafile5.txt'),(219,'The information avalanche: Reducing information overload',2002,38,'UNKNOWN'),(220,'Data Management: Past Present and Future',2007,38,'http://arxiv.org/abs/cs.DB/0701156'),(221,'A view of database system performance measures',1987,74,'http://portal.acm.org/citation.cfm?id=29904.29905'),(222,'Turning Lessons Learned into Policy',1993,13,'UNKNOWN'),(223,'J. vandenBerg. Petabyte scale data mining: dream or reality',2002,38,'UNKNOWN'),(224,'The National Writing Project: A University-Based Teacher-Centered Partnership Program',1995,38,'UNKNOWN'),(225,'The sqlLoader data-loading pipeline',2008,78,'UNKNOWN'),(226,'Large Databases in Astronomy',2001,33,'http://www.springerlink.com/index/x0162741882246l3.pdf'),(227,'EOSDIS Alternative Architecture Final Report',1994,32,'UNKNOWN'),(228,'Locking in a decentralized computer system',0,38,'UNKNOWN'),(229,'What Next? A Few Remaining Problems in Information Technology. 1998',0,38,'UNKNOWN'),(230,'Disk Shadowing',1988,41,'http://books.google.com/books?hl=en&lr=&id=RtrSEU9HEX8C&oi=fnd&pg=PA331&dq=%22jim+gray%22&ots=tXRd_tv_bi&sig=Re9c5Qr3MIUCQJ9unIXo7ny7G1o'),(231,'Practical problems in data management',1983,47,'UNKNOWN'),(232,'Computer technology forecast for virtual observatories',2000,75,'UNKNOWN'),(233,'Storage and eficiency algorithm forecast',2004,38,'UNKNOWN'),(234,'Parallel Database Systems: The Future of High Performance Database Systems',1992,38,'UNKNOWN'),(235,'Transaction Processing: Concepts and Models',1992,10,'UNKNOWN'),(236,'Virtual Observatory: The World Wide Telescope (MS-TR-2001-77)',2001,38,'UNKNOWN'),(237,'HTM2: Spatial toolkit for the Virtual Observatory',2004,37,'UNKNOWN'),(238,'A Performance Study of Sequential IO on WindowsNT 4.0',0,38,'UNKNOWN'),(239,'Data cube: A relational aggregation operator generalizing group-by cross-tab',0,38,'UNKNOWN'),(240,'An epidemic of enterovirus 71 infection among HIV-1-infected orphans in Nairobi',2004,67,'http://journals.lww.com/aidsonline/Abstract/2004/09240/An_epidemic_of_enterovirus_71_infection_among.18.aspx'),(241,'A Quick Look at SATA Disk Performance',2004,38,'http://arxiv.org/abs/cs/0403021'),(242,'Evaluation of the Loopamp (loop-mediated isothermal amplification) kit for detecting Norovirus RNA in faecal samples',2008,10,'http://linkinghub.elsevier.com/retrieve/pii/S1386653208000711'),(243,'The evolution of TPC benchmarks: Why TPC-A and TPC-B are obsolete',1993,7,'UNKNOWN'),(244,'Rotaviruses and rotavirus vaccines',2009,6,'http://bmb.oxfordjournals.org/cgi/content/abstract/ldp009'),(245,'Diagnosing norovirus-associated infectious intestinal disease using viral load',2009,39,'UNKNOWN'),(246,'A critique of ansi isolation levels',1995,38,'UNKNOWN'),(247,'Tracking the transmission routes of genogroup II noroviruses in suspected food-borne or environmental outbreaks of gastroenteritis through sequence analysis of the',2009,62,'http://www3.interscience.wiley.com/journal/122408200/abstract'),(248,'Performance/Price Sort',1998,38,'http://arxiv.org/abs/cs.DB/9809004'),(249,'Scalability Terminology: Farms Clones Partitions Packs RACS and RAPS. CoRR',1999,38,'UNKNOWN'),(250,'HTM Interface Release 2.10',2000,38,'UNKNOWN'),(251,'The SDSS SkyServer',2002,75,'UNKNOWN'),(252,'What\'s Next For Database Systems',2005,38,'UNKNOWN'),(253,'Notes on data base operating systems.� lecture notes from The Advanced Course in Operating Systems',0,38,'UNKNOWN'),(254,'A Measure of Transaction Processing 20 Years Later',2007,38,'http://arxiv.org/abs/cs.DB/0701162'),(255,'The Transaction Concept: Virtues and Limitations Very Large Data Bases',1981,38,'UNKNOWN'),(256,'Why do computer stop and what can be about it',1985,38,'UNKNOWN'),(257,'Transparency in Its Place',1987,59,'UNKNOWN'),(258,'A census of tandem system availability between 1985 and1990',1990,38,'UNKNOWN'),(259,'Parallelism: The new imperative in computer architecture',1994,38,'UNKNOWN'),(260,'International parallel processing symposium keynote address',1998,3,'UNKNOWN'),(261,'The Revolution in Database System Architecture',2004,38,'http://arxiv.org/abs/cs.DB/0408030'),(262,'7UDQVDFWLRQ 3URFHVVLQJ &RQFHSWV DQG 7HFKQLTXHV',1993,23,'UNKNOWN'),(263,'The 5-minute rule revisited and other storage rules of thumb',1997,38,'UNKNOWN'),(264,'Online science: The World-Wide Telescope as a prototype for the new computational science',2003,51,'UNKNOWN'),(265,'\"Supporting Finite Element Analysis with a Relational Database Backend. Part III: OpenDX: Where the Numbers Come Alive\"',2005,7,'UNKNOWN'),(266,'Cross-Matching Multiple Spatial Observations and Dealing with Missing Data',2007,38,'http://arxiv.org/abs/cs.DB/0701172'),(267,'Large-scale query and xmatch entering the parallel zone',2007,38,'http://arxiv.org/abs/cs/0701167'),(268,'The effects of LIPUS on soft-tissue healing: a review of literature',2008,6,'http://bmb.oxfordjournals.org/cgi/content/abstract/ldn040'),(269,'Novel antibiotics for the management of diabetic foot infections',2008,10,'http://linkinghub.elsevier.com/retrieve/pii/S0924857907005407'),(270,'Fault Tolerance in Tandem Computing Systems',0,38,'UNKNOWN'),(271,'Next-Generation Data Access: Making the Conceptual Level Real',0,38,'UNKNOWN'),(272,'Data Cube: A Relational Aggregation Operator Generalizing Group-By Cross-Tab and Sub-Totals',2007,38,'UNKNOWN'),(273,'A Performance Study of Sequential I/O on Windows NT (TM) 4',0,38,'UNKNOWN'),(274,'Using Table Valued Functions in SQL Server 2005 To Implement a Spatial Data Library',2007,38,'http://arxiv.org/abs/cs/0701163'),(275,'Wireless sensor networks for soil science',2010,14,'http://inderscience.metapress.com/index/8v0n581mv2733420.pdf'),(276,'Characterisation of a GII-4 norovirus variant-specific surface-exposed site involved in antibody binding',2009,81,'UNKNOWN'),(277,'Host weather and virological factors drive Norovirus epidemiology: time-series analysis of laboratory surveillance data in England and Wales',2009,69,'UNKNOWN'),(278,'A Census of Tandem System Availability',1990,7,'http://citeseerx.ist.psu.edu/viewdoc/summary?doi=10.1.1.120.9365'),(279,'Fcast multicast  le distribution',2000,38,'UNKNOWN'),(280,'J. vandenBerg.(2002). The SDSS Skyserver: Public access to the Sloan Digital Sky Server data',2002,38,'UNKNOWN'),(281,'Jan vandenBerg Peter Z. Kunszt and Christopher Stoughton. Data mining the sdss skyserver database',2002,22,'UNKNOWN'),(282,'ImgCutout an engine of instantaneous astronomical discovery',2004,7,'UNKNOWN'),(283,'Designing and building terraservice',2006,44,'http://www.computer.org/portal/web/csdl/doi/10.1109/MIC.2006.95'),(284,'Operating Systems-An advanced course: 5. Transaction Management',0,38,'UNKNOWN'),(285,'Data Management: Past',0,38,'UNKNOWN'),(286,'Notes on data base operating systems.[20] In volume 60',1978,34,'UNKNOWN'),(287,'An approach to end-users application design',1983,41,'http://books.google.com/books?hl=en&lr=&id=a4VJvagnvgoC&oi=fnd&pg=PA89&dq=%22jim+gray%22&ots=8QilMXRgWC&sig=RKYatf48vFJSGgkI8Udv-I-3Oi8'),(288,'Database and transaction processing benchmarks',1992,74,'UNKNOWN'),(289,'Why TP-Lite will dominate the TP market',1993,38,'UNKNOWN'),(290,'THESIS: Queues are Databases',1995,75,'http://research.microsoft.com/apps/pubs/default.aspx?id=68494'),(291,'Locally served network computers',1998,38,'http://arxiv.org/abs/cs.AR/9809007'),(292,'Why do computers stop and what can we do about It',0,38,'UNKNOWN'),(293,'Why Do Computers Stop?',0,38,'UNKNOWN'),(294,'What next? a few remaining problems in information technlogy sigmod conference 1999 acm turing award lecture video',2000,38,'UNKNOWN'),(295,'A conversation with Tim Bray',2005,74,'http://portal.acm.org/citation.cfm?id=1046931.1046941'),(296,'eScience: the Next Decade Will be Interesting',2006,38,'UNKNOWN'),(297,'prior to his disappearance in February 2007 was the Turing Award-winning distinguished engineer researcher and manager of Microsoft Research\'s',0,38,'UNKNOWN'),(298,'Transaction Processing. 1993',0,38,'UNKNOWN'),(299,'Performance of the 1-1 Data Pump',0,7,'UNKNOWN'),(300,'Jan vandenBerg',0,38,'UNKNOWN'),(301,'An adaptive hash join algorithmfor multiuser environments',0,38,'UNKNOWN'),(302,'Disk Shadowing. In 14. Intl. Conf. on Very Large Data Bases',1988,38,'UNKNOWN'),(303,'Transaction Processing: Concepts and Techniques. Morg',1992,17,'UNKNOWN'),(304,'Transaction Processing 3. Auflage',1993,24,'UNKNOWN'),(305,'Scale Up with TP Monitors In: Byte',1995,3,'UNKNOWN'),(306,'Microsoft TerraServer: A Spatial Data Warehouse',1999,38,'UNKNOWN'),(307,'Knowledge about random queries in social sciences',2001,38,'UNKNOWN'),(308,'Jan vandenBerg Peter Kunszt and Chris Stoughton. Data Mining the SDSS Sky-Server Database',2002,38,'UNKNOWN'),(309,'Storage: A Conversation with Jim Gray',2003,38,'UNKNOWN'),(310,'From FITS to SQL',2003,38,'UNKNOWN'),(311,'Annular structures in statistical processes',2004,38,'UNKNOWN'),(312,'Extending the SDSS Batch Query System to the National Virtual Observatory Grid',2004,38,'http://arxiv.org/abs/cs.DB/0403017'),(313,'Terraserver san-cluster architecture and operations experience',2005,38,'http://arxiv.org/abs/cs.DC/0502010'),(314,'Efficient Memory Model for Scientific Algorithms on Graphics Processors',2006,28,'UNKNOWN'),(315,'2020 computing Science in an exponential world',2006,38,'UNKNOWN'),(316,'Performance Considerations for Gigabyte per Second Transcontinental Disk-to-Disk File Transfers',2005,38,'http://arxiv.org/abs/cs/0502009'),(317,'Sequential File Programming Patterns and Performance with .NET',2005,38,'http://arxiv.org/abs/cs.PF/0502012'),(318,'Transaction Processing: Concepts and Techniques (1993) Morgan Kaufmann Publishers',1993,38,'UNKNOWN'),(319,'The lowell database research self-assessment meeting',2005,75,'UNKNOWN'),(320,'First Detection of P [6] G9 Rotaviruses in Hungary An Imported Strain From India?',2009,62,'http://www3.interscience.wiley.com/journal/122269477/abstract'),(321,'Future directions in DBMS research (The Laguna Beach report)',1989,38,'UNKNOWN'),(322,'The Laguna Beach report: Future directions in DBMS research',1989,38,'UNKNOWN'),(323,'Designing and Mining Multi-Terabyte Astronomy Archives: The Sloan Digital Sky Survey.',2000,75,'http://research.microsoft.com/apps/pubs/default.aspx?id=68553'),(324,'Storage Service Providers: a Solution for Storage Management?(Panel)',2001,74,'http://portal.acm.org/citation.cfm?id=645927.672352'),(325,'Jan vandenBerg',2002,38,'UNKNOWN'),(326,'Web services for the virtual observatory',2002,38,'UNKNOWN'),(327,'Data analysis tools for sensor-based science',2006,74,'http://portal.acm.org/citation.cfm?id=1182844'),(328,'Parallel database systems 101',1995,74,'UNKNOWN'),(329,'A critique of ANSI SQL isolation levels',1995,7,'UNKNOWN'),(330,'Scottish further education system of modular and competency based education: a report.',2009,82,'http://www.voced.edu.au/td/tnc_29.14'),(331,'Industry needs-individual needs.',2009,82,'http://www.voced.edu.au/td/sa_40.11'),(332,'Fault Tolerance in Tandem Systems',1985,38,'UNKNOWN'),(333,'The far family',1988,36,'UNKNOWN'),(334,'Operating System Support for Data Management Systems',1987,38,'UNKNOWN'),(335,'Database Performance Metrics',1989,38,'UNKNOWN'),(336,'The Total Mining System (TMS): The basis for open pit automation',1995,38,'UNKNOWN'),(337,'The Five-Minute Rule Ten Years Later and Other Computer Storage Rules of Thumb',1997,75,'http://research.microsoft.com/apps/redir/pubs.aspx?tr_id=142'),(338,'Parallel Data Access and Parallel Execution in a World of CyberBricks',1998,65,'http://ipdps.cc.gatech.edu/1998/papers/gray.pdf'),(339,'Panel Session: Do the DBMS SW Vendors Offer the Products Required by the Industrial User in the Communication Industry?',2000,33,'http://www.springerlink.com/index/552g34p232431345.pdf'),(340,'Computer Technology Forecast for Virtual Observatories: Extended Abstract of talk at Astronomy Virtual Observatories of the Future',2000,7,'http://citeseerx.ist.psu.edu/viewdoc/summary?doi=10.1.1.146.2573'),(341,'The world-wide telescope an archetype for online science',2002,7,'UNKNOWN'),(342,'On-line science: the world-wide telescope as a prototype for the new computational science',2003,84,'http://www.wit.at/events/gray/wit-Kolloquium_Gray.pdf'),(343,'Sequential Disk IO Tests for GBps Land Speed record',2004,75,'http://research.microsoft.com/research/pubs/view.aspx?type=Technical%20Report&id=766'),(344,'Terraserver cluster and san experience',0,38,'http://research.microsoft.com/research/pubs/view.aspx?type=Technical%20Report&id=771'),(345,'Managing Intraoperator Parallelism in Parallel Database Systems',0,70,'UNKNOWN'),(346,'Performance characteristics of a quantitative standardised varicella zoster IgG time resolved fluorescence immunoassay (VZV TRFIA) for measuring antibody',2009,10,'http://linkinghub.elsevier.com/retrieve/pii/S0166093408004473'),(347,'Rotavirus burden among children in the newly independent states of the former Union of Soviet Socialist Republics: literature review and first?year results',2009,35,'UNKNOWN'),(348,'The Sloan Digital Sky Survey Quasar Catalog. V. Seventh Data Release',2010,64,'http://iopscience.iop.org/1538-3881/139/6/2360'),(349,'Small-scale farming in the Westlands: a rural land appraisal',1977,15,'UNKNOWN'),(350,'Advantages of COMA',1995,7,'UNKNOWN'),(351,'Database Research: Lead Follow or Get Out of the Way?-Panel Abstract',1996,74,'UNKNOWN'),(352,'A Performance Study of Sequential I/O on Windows NT  4.0',1997,71,'UNKNOWN'),(353,'From FITS to SQL-Loading and Publishing the SDSS Data',2004,7,'UNKNOWN'),(354,'Cosmological parameters from galaxy clustering in the SDSS',2004,73,'UNKNOWN'),(355,'When database systems meet the grid',2005,55,'http://en.scientificcommons.org/42231619'),(356,'The SDSS SkyServer: Public Access to the Sloan Digital Sky Server Data',0,38,'http://research.microsoft.com/research/pubs/view.aspx?tr_id=509'),(357,'A Study of Windows NT Sequential IO Performance',0,38,'http://research.microsoft.com/research/pubs/view.aspx?type=technical%20report&id=117'),(358,'Designing for Peta-Scale in the LSST Database',2007,37,'UNKNOWN'),(359,'Articles-What\'s Next in High-Performance Computing?',2002,26,'UNKNOWN'),(360,'Tandem Computers',2008,55,'http://en.scientificcommons.org/43204274'),(361,'Three replicas Publication details',0,38,'UNKNOWN'),(362,'SDSS DR6',2008,63,'http://www.iop.org/EJ/abstract/0067-0049/175/2/297'),(363,'Designing and mining multi-terabyte astronomy archives large databases ACM Computing Surveys(CSUR) v. 25 n. 2 p. 73169 June 1993',2000,47,'http://www.csa.com/partners/viewrecord.php?requester=gs&collection=TRD&recid=20070290016369CI'),(364,'METHODS AND SYSTEMS THAT MONITOR LEARNING PROGRESS',2008,12,'http://www.google.com/patents?hl=en&lr=&vid=USPATAPP12119083&id=VnPAAAAAEBAJ&oi=fnd&dq=%22jim+gray%22&printsec=abstract'),(365,'Tom Barclay',2002,7,'http://citeseerx.ist.psu.edu/viewdoc/summary?doi=10.1.1.59.3110'),(366,'Jim Gray Prakash Sundaresan',1994,55,'http://en.scientificcommons.org/43200574'),(367,'Technical perspective The Polaris Tableau system',2008,74,'http://portal.acm.org/citation.cfm?id=1400214.1400233'),(368,'CLINICAL AND LABORATORY INVESTIGATIONS. Genital Carriage of Human Papilloma Virus (HPV) DNA in Prepubertal Girls with and without Vulval',2003,5,'UNKNOWN'),(369,'Chronic norovirus infection in an HIV-positive patient with persistent diarrhoea: A novel cause',2010,11,'UNKNOWN'),(370,'12th International Conference on Data Engineering (ICDE\'96)',0,38,'UNKNOWN'),(371,'Tom Barclay',2000,7,'http://citeseerx.ist.psu.edu/viewdoc/summary?doi=10.1.1.59.2814'),(372,'SQLServer Megaservers: Scalability Availability Manageability',0,38,'http://research.microsoft.com/research/pubs/view.aspx?pubid=1016'),(373,'TROUBLE UPCOUNTRY: THE THORNY ISSUE OF MAORI LAND MANAGEMENT',2010,54,'http://elibrary.ru/item.asp?id=6336758'),(374,'A $2 k computer can execute about 8k transactions per second. This is 80x more than one of the largest US bank\'s 1970\'s traffic--it approximates the total US 1970\'s',0,38,'http://en.scientificcommons.org/43201131'),(375,'DATA LAYOUT: UNIX raw disks or files are base. DSA builds an extent-based file system atop raw disks or files. Each storage fragment is a DBSPACE--a',1993,75,'UNKNOWN'),(376,'There Goes the Neighborhood: Relational Algebra for Spatial Data Search',2004,55,'UNKNOWN'),(377,'Web services for the Virtual Observatory (Proceedings Paper)',0,38,'http://www.spie.org/x648.html?product_id=463947'),(378,'The cost of computing',2004,41,'http://books.google.com/books?hl=en&lr=&id=cIpZis5f0rMC&oi=fnd&pg=PA93&dq=%22jim+gray%22&ots=Rqby2toNw_&sig=5HMaQVjZYWLpiz8UVJTRUR2Yha4'),(379,'Reflective Tributes to James Moffett\'s Influence on English Education',1997,16,'http://www.jstor.org/stable/40172927'),(380,'Draft Sequential IO Paper 1 07/04/99 A Performance Study of Sequential I/O on Windows NT  4.0',2007,55,'http://en.scientificcommons.org/42821386'),(381,'dewitt@ cs. wisc. edu',1992,7,'http://citeseerx.ist.psu.edu/viewdoc/summary?doi=10.1.1.160.6823'),(382,'VLDB Endowment Board of Trustees',0,38,'http://www.vldb.org/conf/1998/trustees.pdf'),(383,'A Measure of Transaction Processing Power',2005,7,'http://citeseerx.ist.psu.edu/viewdoc/summary?doi=10.1.1.150.2415'),(384,'A Transactional Approach to Redundant Disk Array Implementation',1997,7,'http://citeseerx.ist.psu.edu/viewdoc/summary?doi=10.1.1.67.6898'),(385,'The revolution in Computational Science. The Virtual Observatory Concept== World-Wide Telescope 2 Computational Science',0,38,'http://citeseerx.ist.psu.edu/viewdoc/summary?doi=10.1.1.88.7272'),(386,'SQL Access and IBM DRDA',1991,55,'http://en.scientificcommons.org/43203540'),(387,'Last byte',0,38,'UNKNOWN'),(388,'Scientific Data Publication Pragmatics',0,38,'UNKNOWN'),(389,'CACM online',0,38,'UNKNOWN'),(390,'The Cost Of Messages',1988,7,'http://citeseerx.ist.psu.edu/viewdoc/summary?doi=10.1.1.59.6392'),(391,'High Availability Computer Systems',1991,7,'http://citeseerx.ist.psu.edu/viewdoc/summary?doi=10.1.1.59.4466'),(392,'Data Mining the SDSS SkyServer Database1 (based on Schema 3.36 Dec 2001)',0,38,'UNKNOWN'),(393,'Formation of N-substituted trichloroacetamides from amines and hexachloroacetone',1982,76,'http://www.rsc.org/publishing/journals/article.asp?doi=p19820000945'),(394,'and the Construction of the Scientific Record',0,7,'UNKNOWN'),(395,'BMC Infectious Diseases BioMed Central',2009,7,'UNKNOWN'),(396,'The Ghost of Sagittarius and Lumps in the Halo of the Milky Way Sloan Digital Sky Survey: Early Data Release',2002,55,'UNKNOWN'),(397,'River Design',2009,7,'UNKNOWN'),(398,'SIGMOD Officers Committees and Awardees',2006,7,'UNKNOWN'),(399,'Sealing the acetabular notch: does it improve cement penetration in the acetabulum?',2008,38,'UNKNOWN'),(400,'Rules of Thumb in Data Engineering',2000,7,'http://citeseerx.ist.psu.edu/viewdoc/summary?doi=10.1.1.38.5002'),(401,'Other',2007,7,'UNKNOWN'),(402,'Microsoft TerraServer: A Spatial Data Warehouse',1999,38,'http://arxiv.org/abs/cs.DB/9907016'),(403,'Tracking Environmental Norovirus Contamination in a Paediatric Primary Immunodeficiency Unit',2010,2,'http://jcm.asm.org/cgi/content/abstract/JCM.00066-10v1'),(404,'Petascale Computational Systems',2006,7,'http://citeseerx.ist.psu.edu/viewdoc/summary?doi=10.1.1.61.3208'),(405,'Virtual Observatories (Proceedings Volume)',0,38,'UNKNOWN'),(406,'When Database Sytems Meet the Grid',2004,7,'http://citeseerx.ist.psu.edu/viewdoc/summary?doi=10.1.1.59.2417'),(407,'Review - Benchmarking Database Systems A Systematic Approach',1999,38,'UNKNOWN'),(408,'Core Database Technology',0,38,'UNKNOWN'),(409,'This Publication Digital Library Advanced Search',1996,38,'UNKNOWN'),(410,'Transaction Acceleration',1985,38,'UNKNOWN'),(411,'A Performance Study of Sequential IO on WindowsNT  4.0',0,38,'http://research.microsoft.com/research/pubs/view.aspx?type=technical%20report&id=143'),(412,'USER INTERFACES AND UPLOADING OF USAGE INFORMATION',2008,12,'http://www.google.com/patents?hl=en&lr=&vid=USPATAPP12119018&id=-mPAAAAAEBAJ&oi=fnd&dq=%22jim+gray%22&printsec=abstract'),(413,'A summertime peak of',2003,39,'UNKNOWN'),(414,'THE FOURTH DATA RELEASE OF THE SLOAN DIGITAL SKY SURVEY',2006,35,'UNKNOWN'),(415,'2.1. Parallelism Goals and Metrics: Speedup and Scaleup 5 2.2. Hardware Architecture the Trend to Shared-Nothing Machines 6 2.3. A Parallel Dataflow',0,38,'UNKNOWN'),(416,'Reader Aids',2008,55,'UNKNOWN'),(417,'Icos Corporation',1998,7,'http://citeseerx.ist.psu.edu/viewdoc/summary?doi=10.1.1.150.1335'),(418,'Database and Transaction Processing Performance Handbook.',1993,55,'UNKNOWN'),(419,'Viruses other than Rotaviruses Associated with Acute Diarrhoeal',2009,38,'UNKNOWN'),(420,'Timothy Chou',0,7,'UNKNOWN'),(421,'Time domain reflectometry tackles tough tank level measurements',0,38,'UNKNOWN'),(422,'A Census of Tandem System',1990,75,'UNKNOWN'),(423,'Abbas Rafii and Ming-Chien Shan. The pegasus heterogeneous multidatabase system. IEEE Computer Publication details',0,38,'UNKNOWN'),(424,'1 NTCluster DataPump Rivers',1998,55,'http://en.scientificcommons.org/43201961'),(425,'Migrating a Multiterabyte Archive from Object to Relational Databases (HTML)',0,44,'UNKNOWN'),(426,'Comparison of fifteen commercial assays for detecting Varicella Zoster virus IgG with reference to a time resolved fluorescence immunoassay (TRFIA) and the',2009,10,'http://linkinghub.elsevier.com/retrieve/pii/S0166093408003649'),(427,'Finding Galaxy Clusters: When SQL meets the grid',2008,55,'http://en.scientificcommons.org/42285406'),(428,'ImgCutout an Engine of Instantaneous Astronomical Discovery',2008,55,'http://en.scientificcommons.org/43295011'),(429,'Spanning the Digital Divide: Designing Social Futures with Technology in Community-Based Youth Organizations',0,38,'UNKNOWN'),(430,'Executive editor\'s corner',0,38,'UNKNOWN'),(431,'Survey of rotavi ru SS u rve il lan ce laboratory capacity an ddi S eaS eburdenin the eaStern part of the Who european region',0,38,'UNKNOWN'),(432,'Elaine Grimes Publications Dave Hunt Registration-Lawrence Livermore Laboratory Donna Hunt Treasurer',0,38,'UNKNOWN'),(433,'Life Under Your Feet: An End-to-End Soil Ecology Sensor Network Database Web Server and Analysis Service',0,38,'http://research.microsoft.com/apps/redir/pubs.aspx?msr_tr_id=msr-tr-2006-90'),(434,'AlphaSort: A Cache-Sensitive Parallel External Sort',0,38,'http://research.microsoft.com/apps/redir/pubs.aspx?pubid=110'),(435,'SDSS DR2',2004,43,'http://cdsweb.cern.ch/ejournals.py?publication=Astron.+J.&volume=128&year=2004&page=502'),(436,'deutsch english',0,38,'http://en.scientificcommons.org/43202135'),(437,'Rotavirus vaccinations in Europe',2008,42,'UNKNOWN'),(438,'UPDATE IN PLACE: A poison apple?',1981,7,'http://citeseerx.ist.psu.edu/viewdoc/summary?doi=10.1.1.108.7810'),(439,'Databases and Workflow Management: What is it All About?(Panel)',1995,74,'UNKNOWN'),(440,'Performance/Price Soft and PennySort',0,38,'http://research.microsoft.com/apps/redir/pubs.aspx?type=Technical%20Report&id=181'),(441,'Methods of Rotavirus Detection Sero-and Genotyping Sequencing and Phylogenetic Analysis',0,38,'http://www.springerlink.com/index/g4383r4214p833n8.pdf'),(442,'Gastroenteric Viruses',2007,33,'http://www.springerlink.com/index/x523rv3737104122.pdf'),(443,'Life Under your Feet: A Wireless Soil Ecology Sensor Network',2009,55,'http://en.scientificcommons.org/42624094'),(444,'Motor Control MCUs and Development Tools',1998,20,'UNKNOWN'),(445,'Community Incidence of Norovirus-associated Infectious Intestinal Disease in England: Improved Estimates Using Viral Load for Norovirus Diagnosis',2010,29,'http://aje.oxfordjournals.org/cgi/content/abstract/171/9/1014'),(446,'Tandem TR 81.1',1981,7,'http://citeseerx.ist.psu.edu/viewdoc/summary?doi=10.1.1.59.3263'),(447,'Tandem TR 85.1',1985,7,'http://citeseerx.ist.psu.edu/viewdoc/summary?doi=10.1.1.59.5155'),(448,'Do You Queue?',2005,45,'UNKNOWN'),(449,'Alternative Software Stacks for OGSA-based Grids',0,38,'UNKNOWN'),(450,'Telescope',2002,38,'UNKNOWN'),(451,'TerraServer SAN-Cluster...',2004,7,'http://citeseerx.ist.psu.edu/viewdoc/summary?doi=10.1.1.59.3862'),(452,'Jim Gray. Distributed Computing Economics Contents Distributed Computing Economics',2008,55,'UNKNOWN'),(453,'PN87614 Tandem TR 85.7 Why Do Computers Stop and What Can Be Done About It?',1985,7,'http://citeseerx.ist.psu.edu/viewdoc/summary?doi=10.1.1.152.5118'),(454,'The Five Minute Rule Ten Years Later',0,38,'http://research.microsoft.com/research/pubs/view.aspx?id=116&type=Technical+Report'),(455,'II 12. Molecular epidemiology of rotaviruses: Genetic mechanisms associated with diversity',2003,10,'http://linkinghub.elsevier.com/retrieve/pii/S0168706903090190'),(456,'Batch is back: CasJobs',2005,7,'http://citeseerx.ist.psu.edu/viewdoc/summary?doi=10.1.1.59.6583'),(457,'Microsoft SQL Server',0,38,'http://research.microsoft.com/apps/redir/pubs.aspx?type=Publication&id=491'),(458,'Nsort: a Parallel Sorting Program for NUMA and SMP Machines',2007,55,'http://en.scientificcommons.org/42901781'),(459,'The Dangers of Replication and a Solution',1996,55,'http://en.scientificcommons.org/42939965'),(460,'Spatial Clustering of Galaxies in Large Datasets (Proceedings Paper)',0,38,'http://www.spie.org/x648.html?product_id=476761'),(461,'Jim Gemmell Microsoft Research 301 Howard St',0,75,'UNKNOWN'),(462,'1\'TANDEM Fault Tolerance in Tandem Computer Systems',1990,7,'http://citeseerx.ist.psu.edu/viewdoc/summary?doi=10.1.1.86.1929'),(463,'Finding Galaxy Clusters: When SQL meets the grid',0,38,'UNKNOWN'),(464,'Nsort: a Parallel Sorting Program for NUMA and SMP Machines-Version 2.1',1997,55,'http://en.scientificcommons.org/42987499'),(465,'FEATURES-Fcast Multicast File Distribution-ACK/NACK schemes do not scale to large audiences and simple data replication wastes network bandwidth.',2000,27,'UNKNOWN'),(466,'The world-wide telescope (0000)',0,38,'http://en.scientificcommons.org/48754710'),(467,'VIEWPOINT The World-Wide Telescope',2008,7,'http://citeseerx.ist.psu.edu/viewdoc/summary?doi=10.1.1.94.9473'),(468,'AlphaSort: A Cache-Sensitive Parallel External Sort',0,55,'http://en.scientificcommons.org/43200272'),(469,'Linking healthcare associated norovirus outbreaks: a molecular epidemiologic method for investigating transmission',0,55,'http://en.scientificcommons.org/14614601'),(470,'Abstract A Minute with Nsort on a 32P NEC Windows',2004,55,'http://en.scientificcommons.org/43303538'),(471,'Increasing the Effectiveness of OS Research',1992,38,'UNKNOWN'),(472,'A Critique of ANSI SQL Isolation Levels',0,38,'UNKNOWN'),(473,'Rotavirus vaccinations in Europe',2008,42,'UNKNOWN'),(474,'December 1999',2000,7,'http://citeseerx.ist.psu.edu/viewdoc/summary?doi=10.1.1.59.4628'),(475,'FOR FURTHER INFORMATION ON THESE COURSES WRITE OR PHONE: Joleen Barnhill Program Manager Western Institute in Computer Science (WICS)',1990,60,'http://ieeexplore.ieee.org/iel1/2/2004/x0422353.pdf'),(476,'QVLDB AlphaSort: A Cache-Sensitive Parallel External Sort',1994,7,'http://citeseerx.ist.psu.edu/viewdoc/summary?doi=10.1.1.81.9593'),(477,'Molecular Characterization of VP6 Genes of Human Rotavirus Isolates: Correlation of Genogroups with Subgroups and Evidence of Independent Segregation',0,38,'http://en.scientificcommons.org/11613724'),(478,'Web services for GIS',2006,42,'http://cat.inist.fr/?aModele=afficheN&cpsidt=18100387'),(479,'Tandem TR 85.5',1986,55,'http://en.scientificcommons.org/43202153'),(480,'To appear in: Data Intensive Computing: The Fourth Paradigm of Scientific Discovery',0,38,'http://citeseerx.ist.psu.edu/viewdoc/summary?doi=10.1.1.153.3376'),(481,'COMMITTEE REPORTS',2006,57,'UNKNOWN'),(482,'Abstract A Memory Model for Scientific Algorithms on Graphics Processors',2008,7,'http://citeseerx.ist.psu.edu/viewdoc/summary?doi=10.1.1.98.8979'),(483,'Word dtection and clasification',2001,52,'UNKNOWN'),(484,'NTCluster DataPump Rivers and Sorting',1998,7,'UNKNOWN'),(485,'The SDSS SkyServer-Public Access...',2001,55,'http://en.scientificcommons.org/43204999'),(486,'1. The Five-Minute Rule Ten Years Later',0,38,'http://citeseerx.ist.psu.edu/viewdoc/summary?doi=10.1.1.160.2158'),(487,'Advantages of COMA',0,38,'UNKNOWN'),(488,'VLDB Endowment Board of Trustees',0,38,'http://www.vldb.org/conf/1997/ENDOW.pdf'),(489,'The Twenty-Eighth Annual International Symposium on Fault-Tolerant Computing',0,38,'UNKNOWN'),(490,'CEO\'s letter',0,38,'UNKNOWN'),(491,'deutsch english',0,55,'UNKNOWN'),(492,'deutsch english',0,38,'http://en.scientificcommons.org/53753049'),(493,'FastSort: An External Sort Using...',1986,7,'http://citeseerx.ist.psu.edu/viewdoc/summary?doi=10.1.1.59.3952'),(494,'Using Artifacts in a Virtual Seminar',0,38,'UNKNOWN'),(495,'Identification of G8 rotavirus strains determined as G12 by rotavirus genotyping PCR: Updating the current genotyping methods',2010,10,'http://linkinghub.elsevier.com/retrieve/pii/S1386653210000132'),(496,'Diagnosing norovirus-associated infectious intestinal disease using viral load',0,49,'http://www.doaj.org/doaj?func=abstract&id=430596'),(497,'Minimizing time consum for query',0,38,'UNKNOWN'),(498,'Media Multitasking Memos',0,38,'UNKNOWN'),(499,'Sequential I/O on Windows NT  4.0-Achieving Top Performance',0,38,'http://research.microsoft.com/research/pubs/view.aspx?type=Publication&id=462'),(500,'Categories and Subject Descriptors: H. 2.4 [Database Management]: Systems-distributed systems',2008,7,'http://citeseerx.ist.psu.edu/viewdoc/summary?doi=10.1.1.94.4046'),(501,'Computer Science THE RECOVERY MANAGER OF A DATA MANAGEMENT SYSTEM',2009,7,'http://citeseerx.ist.psu.edu/viewdoc/summary?doi=10.1.1.150.3571'),(502,'Tandem TR 89.1',2008,7,'http://citeseerx.ist.psu.edu/viewdoc/summary?doi=10.1.1.59.6218'),(503,'An Execution Model 2',1988,7,'http://citeseerx.ist.psu.edu/viewdoc/summary?doi=10.1.1.88.1080'),(504,'To mark',2007,55,'http://en.scientificcommons.org/42644385'),(505,'Computer Technology Forecast for Virtual Observatories Extended Abstract of talk at',2000,7,'UNKNOWN'),(506,'MIGRATING A MULTITERABYTE ARCHIVE FROM OBJECT TO RELATIONAL DATABASES',2003,52,'UNKNOWN'),(507,'Scalability Terminilogy: Farms Clones Partitions and Packs: RACS and RAPS',0,38,'http://research.microsoft.com/research/pubs/view.aspx?id=791&type=Publication'),(508,'The Last 5 Years: Availability Dark Ages Ready for a Renaissance?',1960,58,'UNKNOWN'),(509,'Multiple norovirus genotypes characterised from an oyster-associated outbreak of gastroenteritis',2005,48,'UNKNOWN'),(510,'The Microsoft TerraServer&trade',2007,7,'http://citeseerx.ist.psu.edu/viewdoc/summary?doi=10.1.1.46.7164'),(511,'SQL Access and IBM DRDA',1991,7,'http://citeseerx.ist.psu.edu/viewdoc/summary?doi=10.1.1.59.5136'),(512,'Abstract A Performance Study of Sequential I/O on Windows NT  4',2008,7,'http://citeseerx.ist.psu.edu/viewdoc/summary?doi=10.1.1.73.350'),(513,'TerraService .NET: An Introduction to Web Services',0,7,'UNKNOWN'),(514,'Genetic Characterization of Genogroup I Norovirus in Outbreaks of Gastroenteritis',2010,2,'http://jcm.asm.org/cgi/content/abstract/JCM.00798-10v1'),(515,'Virtual extension',0,38,'UNKNOWN'),(516,'Data Cube: A Relational Aggregation Operator Generalizing Group By Cross-Tab and Sub-Totals.',2007,7,'http://citeseerx.ist.psu.edu/viewdoc/summary?doi=10.1.1.141.5323'),(517,'TE ARAWA STANDING COMMITTEE',2007,38,'UNKNOWN'),(518,'Small-scale Farming in the Westlands: A Rural Land Appraisal',0,38,'UNKNOWN'),(519,'A Transactional Approach to Redundant Disk Array Implementation',1997,55,'http://en.scientificcommons.org/43292832'),(520,'How Leaders Speak: Essential Rules for Engaging and Inspiring Others',2010,8,'UNKNOWN'),(521,'A Performance Study of Sequential IO on WindowsNT 4.0',1997,7,'UNKNOWN'),(522,'Relational Algebra for Spatial Data Search',2004,55,'http://en.scientificcommons.org/43200772'),(523,'Extending the SDSS Batch Query System to the National Virtual Observatory Grid',2004,7,'http://citeseerx.ist.psu.edu/viewdoc/summary?doi=10.1.1.59.6296'),(524,'Tandem TR 85.7 WHY DO COMPUTERS STOP AND WHAT CAN BE DONE ABOUT IT?',1985,7,'http://citeseerx.ist.psu.edu/viewdoc/summary?doi=10.1.1.110.9127'),(525,'Parallel Database Systems: The Future of Database Processing or a Passing Fad?',0,38,'UNKNOWN'),(526,'Online scientific data curation publication and archiving (Proceedings Paper)',0,38,'http://www.spie.org/x648.html?product_id=461524'),(527,'Petabyte Scale Data Mining: Dream or Reality?(Proceedings Paper)',0,38,'http://www.spie.org/x648.html?product_id=461427'),(528,'The VLDB Endowment',0,38,'http://www.vldb.org/conf/1995/ENDOW.pdf'),(529,'Online Science--The World-Wide Telescope Archetype',0,38,'UNKNOWN'),(530,'BMC Infectious Diseases BioMed Central',2006,55,'UNKNOWN'),(531,'Characterisation of a GII-4 norovirus variant-specific surface-exposed site involved in antibody binding',0,49,'http://www.doaj.org/doaj?func=abstract&id=456921'),(532,'Tools and Technologies-Digital Immortality',2001,26,'UNKNOWN'),(533,'VLDB Endowment Board of Trustees',0,38,'http://www.vldb.org/conf/1994/ENDOW.pdf'),(534,'Contributed articles',2004,40,'UNKNOWN'),(535,'11 In Our Time',2006,60,'UNKNOWN'),(536,'Production of standard operating procedures algorithms and guidance notes for virology and serology',0,38,'UNKNOWN'),(537,'Tom Barclay',2004,7,'http://citeseerx.ist.psu.edu/viewdoc/summary?doi=10.1.1.59.3626'),(538,'Home> Articles & Preprints> Preprints> Record# 1048482: The Sixth Data Release of the Sloan Digital Sky Survey',2007,43,'UNKNOWN'),(539,'Environmental sensor networks',2010,42,'http://cat.inist.fr/?aModele=afficheN&cpsidt=22572233'),(540,'The Sloan Digital Sky Survey Science Archive',2003,75,'UNKNOWN'),(541,'RECOMBINATION AND EVOLUTION-Molecular Characterization of VP6 Genes of Human Rotavirus Isolates: Correlation of Genogroups with Subgroups',2002,4,'UNKNOWN'),(542,'(End Bracket)-The World-Wide Telescope.',2006,31,'UNKNOWN'),(543,'Designing a multi-petabyte database for LSST (Proceedings Paper)',0,38,'http://www.spie.org/x648.html?product_id=671721'),(544,'Tandem TR 85.4 AN APPROACH TO DECENTRALIZED COMPUTER SYSTEMS',1985,7,'http://citeseerx.ist.psu.edu/viewdoc/summary?doi=10.1.1.88.9278'),(545,'SQL Access and IBM DRDA A Comparison in a Multi-Vendor Setting',1991,7,'UNKNOWN'),(546,'to the National Virtual Observatory Grid',2004,7,'UNKNOWN'),(547,'Information Technology Research: Investing in Our Future',0,38,'UNKNOWN'),(548,'Mobile technologies for the world\'s children',2009,74,'http://portal.acm.org/citation.cfm?id=1520473&dl=ACM'),(549,'Designing and Building TerraService (HTML)',0,44,'http://www.computer.org/portal/web/csdl/doi?doc=doi/10.1109/MIC.2006.95'),(550,'Part I: There is Life beyond Files',2005,7,'http://citeseerx.ist.psu.edu/viewdoc/summary?doi=10.1.1.59.6285'),(551,'Where the Rubber Meets the Sky: Bridging the Gap between Databases and Science',2004,55,'http://en.scientificcommons.org/43200818'),(552,'Tandem TR 88.5',1988,7,'http://citeseerx.ist.psu.edu/viewdoc/summary?doi=10.1.1.59.4703'),(553,'Tandem TR 86.3',2008,7,'http://citeseerx.ist.psu.edu/viewdoc/summary?doi=10.1.1.59.3952'),(554,'Steve Kiss',1993,7,'http://citeseerx.ist.psu.edu/viewdoc/summary?doi=10.1.1.94.2654'),(555,'REMOTE CONTROLLED VESSEL WITH SONAR SYSTEM',2009,83,'http://www.wipo.int/pctdb/en/wo.jsp?WO=2009053744'),(556,'Schneider Donald P. Fan Xiaohui Hall Patrick B. Jester Sebastian',0,38,'UNKNOWN'),(557,'DIGITEL 2007',0,38,'UNKNOWN'),(558,'Web Technologies-Petascale Computational Systems',2006,18,'UNKNOWN'),(559,'\"A summertime peak of\"\" winter vomiting disease\"\": Surveillance of noroviruses in England and Wales\"',1995,55,'http://en.scientificcommons.org/1467155');
/*!40000 ALTER TABLE `papersinfo` ENABLE KEYS */;
UNLOCK TABLES;

--
-- Table structure for table `papersreferences`
--

DROP TABLE IF EXISTS `papersreferences`;
/*!40101 SET @saved_cs_client     = @@character_set_client */;
/*!50503 SET character_set_client = utf8mb4 */;
CREATE TABLE `papersreferences` (
  `ref_paper` int NOT NULL,
  `cited_ref_paper` int NOT NULL,
  PRIMARY KEY (`ref_paper`,`cited_ref_paper`)
) ENGINE=InnoDB DEFAULT CHARSET=utf8mb4 COLLATE=utf8mb4_0900_ai_ci;
/*!40101 SET character_set_client = @saved_cs_client */;

--
-- Dumping data for table `papersreferences`
--

LOCK TABLES `papersreferences` WRITE;
/*!40000 ALTER TABLE `papersreferences` DISABLE KEYS */;
INSERT INTO `papersreferences` VALUES (1,2),(1,11),(1,41),(1,148),(1,200),(1,381),(2,4),(3,106),(3,187),(5,1),(5,4),(5,8),(5,10),(5,11),(5,12),(5,149),(5,175),(5,200),(5,289),(5,475),(5,559),(7,1),(7,6),(7,188),(7,234),(7,350),(8,4),(9,332),(9,349),(10,1),(10,9),(10,13),(10,45),(10,59),(10,96),(10,209),(10,289),(11,4),(11,8),(11,13),(11,30),(11,67),(11,453),(13,2),(13,41),(14,200),(15,2),(15,4),(15,5),(15,6),(15,8),(15,9),(15,11),(15,12),(15,19),(15,21),(15,25),(15,50),(15,53),(15,96),(15,176),(15,197),(15,325),(15,333),(17,2),(17,3),(17,5),(17,8),(17,9),(17,10),(17,11),(17,12),(17,16),(17,21),(17,27),(17,44),(17,58),(17,98),(17,117),(17,288),(17,333),(17,337),(17,339),(17,559),(18,2),(18,4),(18,6),(18,10),(18,12),(18,15),(18,19),(18,34),(18,40),(18,57),(18,99),(18,152),(18,261),(18,311),(18,332),(18,450),(18,508),(18,521),(19,11),(19,30),(19,154),(22,2),(22,3),(22,4),(22,6),(22,8),(22,10),(22,26),(22,30),(22,31),(22,338),(22,424),(22,459),(22,462),(22,519),(22,541),(24,2),(24,3),(24,339),(25,1),(25,8),(25,11),(25,12),(25,14),(26,5),(26,14),(26,40),(26,58),(26,177),(26,503),(27,1),(27,2),(27,3),(27,4),(27,5),(27,6),(27,9),(27,13),(27,15),(27,37),(27,40),(27,128),(27,138),(27,198),(27,350),(27,359),(27,375),(27,393),(27,470),(27,551),(28,11),(29,1),(29,9),(29,11),(29,13),(29,38),(29,60),(29,148),(29,422),(29,446),(30,8),(30,14),(31,4),(31,6),(31,8),(31,9),(31,12),(31,40),(31,54),(31,68),(31,157),(31,322),(31,390),(32,13),(32,36),(32,38),(32,231),(32,470),(33,12),(33,30),(33,338),(34,1),(34,3),(34,5),(34,6),(34,8),(34,10),(34,12),(34,14),(34,337),(34,352),(35,1),(35,5),(35,9),(35,11),(35,55),(35,87),(35,105),(35,222),(35,280),(35,326),(35,438),(36,1),(36,3),(36,4),(36,5),(36,6),(36,9),(36,34),(36,195),(36,235),(36,259),(36,352),(36,418),(37,4),(37,5),(37,6),(37,11),(37,13),(37,29),(37,36),(37,78),(37,148),(37,217),(37,250),(37,281),(37,351),(37,476),(37,541),(39,1),(39,29),(39,153),(40,4),(40,9),(40,13),(40,258),(41,4),(43,1),(43,2),(43,3),(43,4),(43,5),(43,6),(43,9),(43,12),(43,13),(43,14),(43,21),(43,30),(43,34),(43,36),(43,40),(43,42),(43,44),(43,56),(43,120),(43,122),(43,131),(43,257),(43,260),(43,366),(43,493),(43,554),(44,8),(44,30),(45,2),(45,41),(45,87),(46,4),(46,8),(46,9),(46,13),(46,321),(46,524),(47,3),(47,8),(47,9),(47,200),(47,246),(47,262),(47,278),(47,336),(48,1),(49,2),(49,4),(49,8),(49,10),(49,11),(49,12),(49,19),(49,21),(49,25),(49,99),(49,243),(49,459),(49,532),(50,1),(50,2),(50,3),(50,4),(50,5),(50,6),(50,9),(50,12),(50,14),(50,79),(50,303),(52,2),(52,8),(52,10),(52,11),(52,14),(52,21),(52,25),(52,41),(52,55),(52,227),(52,263),(52,287),(52,338),(52,476),(52,519),(53,1),(53,3),(53,14),(53,21),(53,40),(53,329),(53,439),(53,503),(53,552),(54,13),(54,230),(54,493),(56,8),(56,11),(56,40),(56,258),(56,391),(57,1),(57,3),(57,4),(57,6),(57,14),(57,31),(57,36),(57,41),(57,45),(57,76),(57,243),(57,318),(57,474),(58,1),(58,14),(58,25),(58,224),(59,2),(59,8),(59,9),(59,66),(60,2),(61,4),(61,9),(61,51),(61,190),(61,511),(62,2),(62,12),(62,15),(62,19),(62,24),(62,26),(62,31),(62,36),(62,46),(62,54),(62,56),(62,61),(62,95),(62,112),(62,122),(62,159),(62,187),(62,202),(62,226),(62,241),(62,264),(62,281),(62,375),(62,413),(62,446),(62,455),(62,474),(63,2),(63,4),(63,8),(63,10),(63,14),(63,18),(63,31),(63,50),(63,177),(63,178),(63,185),(63,189),(63,255),(63,263),(63,464),(64,1),(64,3),(64,5),(64,9),(64,13),(64,14),(64,21),(64,47),(64,52),(64,58),(64,139),(64,188),(64,306),(65,4),(65,8),(65,11),(65,13),(65,19),(65,21),(65,29),(65,33),(65,40),(65,60),(65,186),(65,222),(65,309),(65,409),(65,540),(66,4),(67,2),(67,13),(67,14),(67,175),(68,21),(68,46),(68,552),(69,3),(69,6),(69,11),(69,14),(69,19),(69,45),(69,391),(71,3),(71,5),(71,6),(71,8),(71,10),(71,11),(71,14),(71,19),(71,31),(71,178),(71,209),(71,231),(71,250),(71,260),(71,291),(71,321),(71,332),(71,349),(71,378),(71,444),(71,519),(72,1),(72,2),(72,3),(72,4),(72,5),(72,8),(72,10),(72,11),(72,34),(72,339),(72,453),(75,26),(75,125),(75,350),(76,287),(76,336),(77,2),(77,3),(77,4),(77,8),(77,11),(77,14),(77,30),(77,44),(77,88),(77,351),(78,10),(78,12),(78,19),(78,77),(79,6),(79,9),(79,59),(79,332),(79,471),(80,1),(80,4),(80,30),(81,3),(81,9),(82,1),(82,4),(82,6),(82,9),(82,12),(82,59),(82,209),(82,289),(82,418),(82,544),(83,2),(83,4),(83,8),(83,230),(83,255),(84,3),(84,5),(84,10),(84,53),(84,146),(84,256),(86,9),(86,10),(86,28),(86,88),(86,184),(86,354),(87,4),(88,3),(88,6),(88,8),(88,9),(88,13),(88,30),(88,148),(89,6),(89,12),(89,14),(89,19),(89,25),(89,34),(89,109),(89,185),(89,209),(89,259),(89,288),(90,1),(90,2),(90,6),(90,8),(90,9),(90,11),(90,16),(90,17),(90,21),(90,27),(90,30),(90,31),(90,45),(90,54),(90,62),(90,64),(90,110),(90,112),(90,120),(90,128),(90,180),(90,209),(90,313),(90,358),(90,383),(90,390),(90,413),(90,414),(90,444),(90,448),(91,3),(91,5),(91,14),(91,36),(91,78),(91,396),(91,483),(92,61),(92,69),(93,1),(93,2),(93,5),(93,9),(93,13),(93,26),(93,36),(93,41),(93,52),(93,57),(93,96),(93,124),(93,136),(93,185),(93,194),(93,214),(93,231),(93,236),(93,280),(93,303),(93,365),(93,402),(93,505),(93,511),(95,1),(95,2),(95,3),(95,4),(95,6),(95,11),(95,13),(95,14),(95,19),(95,21),(95,120),(95,146),(95,206),(96,1),(96,6),(96,11),(97,1),(97,2),(97,14),(97,15),(97,21),(97,31),(97,76),(97,190),(97,193),(97,201),(97,202),(97,214),(97,224),(97,236),(97,251),(97,328),(97,456),(97,462),(97,479),(97,544),(98,6),(98,12),(100,3),(100,6),(100,8),(100,29),(100,155),(100,192),(100,310),(100,368),(101,8),(101,13),(101,21),(101,30),(101,31),(101,194),(101,234),(101,333),(101,455),(101,532),(102,2),(102,4),(102,5),(102,6),(102,9),(102,10),(102,16),(102,21),(102,34),(102,53),(102,208),(102,254),(102,278),(102,350),(102,365),(102,446),(102,462),(102,471),(102,517),(103,3),(103,4),(103,5),(103,6),(103,8),(103,26),(103,31),(103,40),(103,96),(103,201),(103,231),(103,294),(104,1),(104,3),(104,6),(104,13),(104,15),(104,21),(104,25),(104,36),(104,76),(104,194),(104,243),(104,287),(104,295),(104,375),(104,523),(105,1),(105,11),(105,25),(105,42),(105,475),(106,8),(106,9),(107,4),(107,15),(107,27),(107,36),(107,176),(107,187),(107,312),(107,336),(107,542),(108,4),(108,9),(108,10),(108,13),(108,29),(108,31),(108,41),(108,256),(108,471),(108,511),(109,1),(109,3),(109,11),(109,13),(109,14),(109,191),(110,329),(111,193),(112,4),(112,9),(112,13),(112,33),(112,38),(112,46),(112,49),(112,69),(112,227),(112,479),(112,508),(113,2),(113,5),(113,12),(113,14),(113,31),(113,47),(113,250),(113,464),(113,505),(113,551),(114,1),(114,4),(114,9),(114,10),(114,12),(114,25),(114,37),(114,76),(114,94),(114,217),(114,260),(114,391),(114,455),(115,2),(115,3),(115,4),(115,5),(115,8),(115,11),(115,12),(115,153),(115,177),(115,384),(116,1),(116,2),(116,3),(116,4),(116,8),(116,10),(116,13),(116,14),(116,19),(116,21),(116,45),(116,49),(116,92),(116,134),(116,175),(116,183),(116,186),(116,307),(116,435),(116,439),(116,444),(116,522),(117,6),(117,11),(117,12),(117,51),(117,185),(117,191),(117,306),(117,438),(118,3),(118,5),(118,11),(118,13),(118,19),(118,40),(118,258),(118,260),(118,294),(118,329),(119,1),(119,2),(119,3),(119,5),(119,31),(119,177),(119,180),(119,304),(119,305),(120,21),(121,3),(122,4),(122,6),(122,8),(122,9),(122,10),(122,12),(122,13),(122,44),(122,54),(122,278),(123,5),(123,6),(123,12),(123,15),(123,22),(123,27),(123,33),(123,45),(125,1),(125,3),(125,8),(125,10),(125,11),(125,12),(125,14),(125,29),(125,38),(125,188),(125,259),(125,318),(125,338),(125,410),(127,1),(127,3),(127,4),(127,6),(127,8),(127,12),(127,15),(127,34),(127,37),(127,39),(127,46),(127,75),(127,81),(127,82),(127,97),(127,104),(127,122),(127,169),(127,185),(127,205),(127,231),(127,305),(127,465),(127,483),(128,6),(128,12),(128,14),(128,21),(128,25),(128,318),(128,349),(130,5),(130,43),(130,65),(130,81),(130,122),(130,139),(130,200),(130,522),(130,550),(130,558),(131,1),(131,2),(131,3),(131,4),(131,5),(131,6),(131,9),(131,12),(131,13),(131,25),(131,40),(131,256),(131,337),(131,384),(131,524),(132,1),(132,2),(132,4),(132,9),(132,10),(132,12),(132,13),(132,14),(132,16),(132,17),(132,18),(132,19),(132,27),(132,36),(132,44),(132,117),(132,128),(132,180),(132,194),(132,200),(132,209),(132,251),(132,265),(132,295),(132,318),(132,396),(132,409),(132,422),(132,475),(132,521),(134,6),(134,186),(134,352),(135,9),(135,10),(135,13),(135,14),(135,19),(135,31),(135,94),(135,349),(135,410),(136,2),(136,5),(136,12),(136,13),(136,14),(136,45),(136,96),(136,232),(136,337),(136,381),(137,2),(137,3),(137,4),(137,8),(137,10),(137,12),(137,14),(137,235),(137,250),(137,352),(137,493),(138,1),(138,4),(138,8),(138,10),(138,12),(138,34),(138,186),(138,230),(138,232),(138,257),(138,289),(139,3),(139,50),(139,137),(139,209),(140,3),(140,5),(140,11),(140,15),(140,26),(140,30),(140,34),(140,45),(140,61),(140,83),(140,119),(140,233),(140,258),(140,294),(140,376),(142,5),(142,9),(142,10),(142,14),(142,248),(142,315),(142,325),(142,329),(142,340),(142,464),(142,471),(143,22),(143,29),(143,95),(143,354),(143,455),(144,1),(144,5),(144,19),(144,21),(144,38),(144,207),(144,256),(144,524),(146,4),(146,6),(146,8),(146,10),(146,12),(146,26),(146,175),(146,230),(146,259),(146,302),(148,4),(148,9),(148,187),(148,475),(148,552),(149,479),(151,1),(151,14),(151,42),(151,243),(151,278),(151,289),(152,2),(152,8),(152,30),(152,41),(152,176),(152,286),(153,6),(153,8),(153,9),(153,13),(153,38),(153,60),(153,83),(153,206),(154,1),(154,4),(154,5),(154,8),(154,9),(154,10),(154,14),(154,21),(154,46),(154,82),(154,175),(154,409),(154,524),(155,19),(155,26),(155,128),(155,333),(156,1),(156,4),(156,9),(156,10),(156,38),(156,148),(156,206),(156,519),(158,1),(158,5),(158,9),(158,202),(158,266),(158,327),(158,455),(158,546),(159,1),(159,3),(159,6),(159,8),(159,9),(159,12),(159,13),(159,34),(159,100),(159,120),(159,135),(159,153),(159,234),(159,287),(159,386),(159,465),(159,493),(161,1),(161,4),(161,10),(161,28),(161,36),(161,56),(161,108),(161,278),(161,336),(161,521),(162,4),(162,12),(162,24),(162,25),(162,30),(162,33),(162,40),(162,75),(162,81),(162,109),(162,303),(162,306),(162,308),(162,554),(163,2),(163,5),(163,6),(163,8),(163,10),(163,21),(163,26),(163,38),(163,52),(163,149),(163,177),(163,200),(163,221),(163,257),(163,288),(164,5),(164,10),(164,13),(164,22),(164,256),(164,340),(165,4),(165,5),(165,8),(165,11),(165,15),(165,21),(165,24),(165,38),(165,53),(165,71),(165,80),(165,121),(165,231),(165,294),(165,306),(165,318),(165,355),(165,407),(165,523),(166,5),(166,56),(166,89),(166,106),(166,211),(167,1),(167,14),(167,118),(167,139),(167,290),(168,4),(168,5),(168,10),(168,13),(168,14),(168,15),(168,47),(168,49),(168,51),(168,145),(168,233),(168,307),(168,342),(168,446),(168,524),(169,3),(169,4),(169,10),(169,12),(169,13),(169,19),(169,60),(169,149),(169,255),(169,304),(169,333),(169,351),(169,474),(170,3),(170,5),(170,8),(170,14),(170,15),(170,27),(170,47),(170,51),(170,89),(170,98),(170,100),(170,156),(170,161),(170,205),(170,223),(170,349),(170,470),(170,505),(171,2),(171,6),(171,8),(171,9),(171,11),(171,154),(171,206),(171,223),(171,319),(171,414),(171,451),(171,541),(174,1),(174,8),(174,9),(174,18),(174,58),(174,73),(174,187),(174,195),(174,322),(174,447),(174,456),(174,474),(174,493),(174,519),(176,321),(177,4),(177,8),(177,175),(177,256),(177,453),(178,80),(179,1),(179,2),(179,3),(179,4),(179,9),(179,18),(179,25),(179,41),(179,71),(179,80),(179,86),(179,89),(179,191),(179,212),(179,261),(179,319),(179,378),(179,410),(179,444),(179,451),(179,465),(179,475),(179,482),(179,505),(180,2),(180,8),(180,12),(180,484),(181,1),(181,3),(181,8),(181,10),(181,11),(181,14),(181,19),(181,40),(181,77),(181,259),(181,554),(182,1),(182,7),(182,14),(182,29),(182,34),(182,35),(182,75),(182,92),(182,118),(182,226),(182,452),(182,504),(183,1),(183,2),(183,3),(183,5),(183,6),(183,9),(183,11),(183,12),(183,15),(183,22),(183,25),(183,31),(183,49),(183,51),(183,55),(183,58),(183,98),(183,134),(183,151),(183,169),(183,236),(183,340),(183,417),(183,483),(184,4),(184,5),(184,6),(184,9),(184,13),(184,34),(184,44),(184,105),(184,176),(184,417),(184,550),(186,11),(186,42),(188,2),(188,4),(188,8),(188,14),(188,21),(188,30),(188,189),(188,243),(188,286),(188,288),(188,303),(188,381),(189,8),(189,9),(189,12),(189,13),(189,177),(189,321),(190,1),(190,5),(190,11),(190,25),(190,55),(190,386),(190,479),(192,1),(192,3),(192,5),(192,9),(192,10),(192,13),(192,14),(192,44),(192,105),(192,153),(192,200),(192,418),(193,3),(193,4),(193,5),(193,6),(193,13),(193,19),(193,29),(193,31),(193,44),(193,336),(194,5),(194,8),(194,30),(194,34),(194,78),(194,223),(194,246),(194,444),(197,6),(197,9),(197,10),(197,12),(197,47),(197,81),(197,119),(197,149),(197,216),(197,248),(197,318),(197,349),(197,350),(197,418),(197,462),(198,1),(198,3),(198,5),(198,8),(198,9),(198,13),(198,31),(198,55),(198,262),(198,280),(198,393),(201,4),(201,9),(202,94),(203,6),(203,508),(204,4),(204,11),(204,12),(204,14),(204,19),(204,25),(204,42),(204,51),(204,136),(204,176),(204,233),(204,384),(204,390),(204,475),(204,511),(204,545),(205,333),(206,2),(206,12),(206,375),(206,410),(207,2),(207,3),(207,4),(207,8),(207,9),(207,14),(207,25),(207,29),(207,36),(207,49),(207,290),(207,333),(207,363),(207,384),(207,407),(207,447),(208,1),(208,2),(208,3),(208,4),(208,6),(208,9),(208,11),(208,12),(208,14),(208,21),(208,26),(208,29),(208,31),(208,33),(208,38),(208,40),(208,250),(208,324),(208,351),(208,366),(208,450),(208,465),(208,476),(208,485),(209,8),(210,4),(210,11),(210,14),(210,16),(210,87),(210,118),(210,151),(210,189),(210,309),(210,465),(211,14),(211,191),(211,444),(212,11),(212,13),(212,36),(212,69),(212,152),(212,157),(212,165),(212,260),(213,1),(213,3),(213,4),(213,5),(213,10),(213,11),(213,14),(213,15),(213,16),(213,19),(213,22),(213,28),(213,37),(213,45),(213,47),(213,91),(213,159),(213,189),(213,294),(213,325),(213,353),(213,462),(213,485),(214,4),(214,8),(214,9),(214,446),(215,4),(215,8),(215,9),(215,17),(215,22),(215,30),(215,46),(215,71),(215,103),(215,197),(215,256),(215,261),(215,274),(215,279),(215,352),(215,354),(215,390),(215,459),(215,503),(215,540),(216,1),(216,3),(216,5),(216,6),(216,12),(216,14),(216,21),(216,25),(216,153),(216,255),(216,263),(216,278),(216,350),(216,384),(217,2),(217,4),(217,5),(217,8),(217,11),(217,13),(217,21),(217,33),(217,88),(217,106),(217,232),(217,307),(217,324),(217,422),(217,505),(218,1),(218,3),(218,5),(218,8),(218,9),(218,10),(218,11),(218,43),(218,51),(218,58),(218,66),(218,108),(218,149),(218,155),(218,231),(218,255),(218,256),(218,279),(218,308),(218,342),(218,413),(218,422),(218,470),(218,493),(218,524),(219,4),(219,13),(219,21),(219,31),(219,40),(220,2),(220,4),(220,5),(220,8),(220,10),(220,12),(220,14),(220,18),(220,21),(220,22),(220,30),(220,40),(220,51),(220,54),(220,211),(220,222),(220,230),(220,303),(220,318),(220,342),(220,352),(220,451),(221,8),(221,9),(221,55),(223,2),(223,3),(223,6),(223,8),(223,9),(223,10),(223,12),(223,13),(223,14),(223,19),(223,26),(223,29),(223,34),(223,38),(223,226),(223,294),(223,318),(223,340),(224,6),(225,2),(225,4),(225,6),(225,11),(225,12),(225,13),(225,37),(225,51),(225,53),(225,60),(225,61),(225,67),(225,107),(225,282),(225,319),(225,417),(225,451),(225,471),(225,517),(226,1),(226,2),(226,6),(226,8),(226,9),(226,10),(226,19),(226,192),(226,243),(226,306),(226,349),(226,352),(226,474),(227,4),(227,46),(231,393),(231,446),(232,10),(232,11),(232,40),(232,222),(232,439),(233,3),(233,4),(233,5),(233,10),(233,11),(233,12),(233,13),(233,25),(233,33),(233,69),(233,105),(233,201),(233,216),(233,307),(233,310),(234,2),(234,4),(234,12),(234,462),(234,479),(235,256),(236,2),(237,25),(240,1),(240,2),(240,4),(240,5),(240,6),(240,10),(240,11),(240,12),(240,29),(240,46),(240,221),(240,262),(240,318),(240,335),(240,351),(240,438),(240,455),(240,554),(241,2),(241,8),(241,10),(241,11),(241,21),(241,47),(241,76),(241,77),(241,136),(241,180),(241,325),(241,455),(241,524),(242,1),(242,2),(242,3),(242,5),(242,11),(242,12),(242,13),(242,17),(242,26),(242,41),(242,51),(242,79),(242,100),(242,116),(242,122),(242,236),(242,260),(242,282),(242,398),(242,485),(242,522),(242,541),(243,4),(243,11),(243,12),(243,21),(243,303),(243,391),(244,1),(244,2),(244,4),(244,9),(244,11),(244,12),(244,13),(244,16),(244,24),(244,36),(244,154),(244,188),(244,251),(244,257),(244,278),(244,289),(244,446),(244,448),(244,524),(245,328),(246,1),(246,6),(246,40),(246,54),(246,149),(246,375),(246,554),(247,1),(247,3),(247,5),(247,12),(247,13),(247,15),(247,17),(247,19),(247,27),(247,31),(247,52),(247,62),(247,128),(247,136),(247,143),(247,149),(247,155),(247,163),(247,170),(247,188),(247,193),(247,287),(247,416),(247,418),(247,424),(247,502),(247,510),(247,538),(248,2),(248,5),(248,9),(248,14),(248,29),(248,79),(248,381),(248,511),(248,545),(248,554),(249,2),(249,3),(249,5),(249,8),(249,13),(249,83),(249,149),(249,157),(249,349),(249,475),(250,2),(250,3),(250,6),(250,10),(250,12),(250,13),(250,14),(250,19),(250,25),(250,286),(250,291),(250,351),(250,409),(250,508),(251,2),(251,3),(251,5),(251,6),(251,8),(251,10),(251,11),(251,12),(251,13),(251,14),(251,33),(251,36),(251,185),(251,187),(251,257),(251,475),(254,1),(254,18),(254,29),(254,211),(254,230),(254,305),(254,459),(255,2),(255,286),(256,4),(256,8),(256,55),(257,2),(257,9),(257,231),(258,2),(258,4),(258,8),(259,2),(259,9),(259,12),(259,14),(259,321),(260,3),(260,9),(260,10),(260,13),(260,38),(260,304),(261,2),(261,10),(261,12),(261,21),(261,36),(261,304),(261,337),(261,479),(261,519),(262,2),(262,8),(262,13),(262,447),(263,4),(263,6),(263,9),(263,11),(263,14),(263,38),(263,45),(263,305),(263,545),(264,1),(264,4),(264,5),(264,8),(264,11),(264,13),(264,29),(264,31),(264,53),(264,66),(264,105),(264,109),(264,136),(264,227),(264,280),(264,291),(265,2),(265,9),(265,12),(265,33),(265,222),(265,250),(265,282),(265,524),(266,1),(266,2),(266,6),(266,9),(266,10),(266,13),(266,14),(266,15),(266,16),(266,22),(266,29),(266,36),(266,59),(266,64),(266,75),(266,89),(266,154),(266,201),(266,251),(266,286),(266,308),(266,438),(266,474),(267,3),(267,5),(267,9),(267,10),(267,12),(267,14),(267,24),(267,30),(267,42),(267,58),(267,59),(267,69),(267,163),(267,308),(267,311),(267,340),(267,371),(267,444),(267,453),(267,483),(268,1),(268,9),(268,12),(268,15),(268,19),(268,39),(268,41),(268,63),(268,82),(268,92),(268,93),(268,122),(268,148),(268,159),(268,192),(268,202),(268,207),(268,222),(268,246),(268,252),(268,290),(268,424),(268,455),(268,523),(268,537),(268,538),(268,540),(268,558),(269,2),(269,12),(269,62),(269,176),(269,206),(269,291),(269,446),(269,476),(272,1),(272,8),(272,16),(272,18),(272,41),(272,341),(274,2),(274,4),(274,5),(274,6),(274,10),(274,12),(274,13),(274,16),(274,18),(274,19),(274,25),(274,26),(274,30),(274,39),(274,50),(274,83),(274,101),(274,222),(274,283),(274,341),(274,355),(274,447),(274,554),(275,1),(275,2),(275,3),(275,4),(275,5),(275,8),(275,12),(275,36),(275,45),(275,46),(275,55),(275,69),(275,79),(275,111),(275,119),(275,165),(275,169),(275,210),(275,359),(275,360),(275,363),(275,366),(275,381),(275,383),(275,396),(275,407),(275,471),(275,509),(275,522),(276,2),(276,3),(276,4),(276,6),(276,7),(276,13),(276,28),(276,30),(276,32),(276,33),(276,37),(276,50),(276,62),(276,134),(276,145),(276,158),(276,170),(276,200),(276,242),(276,338),(276,355),(276,376),(276,379),(276,400),(276,456),(276,467),(276,470),(276,523),(276,545),(277,2),(277,3),(277,7),(277,14),(277,17),(277,21),(277,25),(277,26),(277,30),(277,32),(277,50),(277,139),(277,223),(277,246),(277,365),(277,450),(277,459),(277,524),(278,14),(278,446),(279,1),(279,3),(279,4),(279,6),(279,8),(279,9),(279,11),(279,14),(279,60),(279,222),(280,4),(280,8),(280,9),(280,10),(280,34),(280,42),(280,56),(280,259),(280,305),(280,508),(281,11),(281,26),(281,31),(282,4),(282,6),(282,9),(282,10),(282,12),(282,21),(282,25),(282,40),(282,118),(282,153),(282,211),(282,236),(282,349),(283,2),(283,3),(283,5),(283,6),(283,11),(283,21),(283,24),(283,38),(283,42),(283,48),(283,52),(283,66),(283,92),(283,96),(283,222),(283,307),(283,316),(283,355),(283,464),(283,485),(287,8),(288,2),(288,8),(288,9),(288,21),(288,38),(288,255),(288,256),(288,393),(289,12),(290,1),(290,2),(290,4),(290,6),(290,8),(290,9),(290,11),(290,13),(290,31),(290,38),(290,55),(290,222),(290,257),(290,446),(291,1),(291,3),(291,5),(291,6),(291,10),(291,94),(294,5),(294,6),(294,13),(294,31),(294,87),(295,2),(295,6),(295,22),(295,29),(295,98),(295,224),(295,240),(295,305),(295,334),(295,351),(295,475),(296,4),(296,5),(296,6),(296,14),(296,19),(296,24),(296,61),(296,69),(296,82),(296,185),(296,240),(296,359),(304,4),(304,45),(304,51),(304,257),(305,21),(305,214),(306,3),(306,4),(306,8),(306,9),(306,10),(306,13),(306,14),(306,30),(306,131),(306,304),(306,418),(306,493),(306,519),(307,1),(307,3),(307,5),(307,10),(307,12),(307,13),(307,14),(307,21),(307,121),(307,246),(307,257),(307,303),(307,339),(307,400),(307,402),(307,508),(308,6),(308,19),(308,21),(308,26),(308,38),(308,45),(308,189),(308,235),(308,256),(308,379),(308,479),(309,1),(309,2),(309,3),(309,12),(309,13),(309,59),(309,109),(309,294),(309,363),(309,459),(309,521),(309,541),(310,2),(310,3),(310,4),(310,8),(310,10),(310,26),(310,99),(310,206),(310,438),(310,483),(311,31),(311,34),(312,2),(312,4),(312,5),(312,8),(312,11),(312,26),(312,34),(312,55),(312,59),(312,73),(312,157),(312,221),(312,424),(312,465),(313,3),(313,22),(313,41),(313,321),(314,2),(314,3),(314,4),(314,11),(314,12),(314,13),(314,22),(314,41),(314,44),(314,87),(314,214),(314,323),(314,365),(314,393),(314,524),(314,540),(314,550),(315,2),(315,4),(315,5),(315,12),(315,21),(315,22),(315,32),(315,68),(315,94),(315,124),(315,207),(315,209),(315,282),(315,294),(315,308),(315,381),(315,422),(315,519),(315,532),(315,545),(316,1),(316,3),(316,4),(316,6),(316,8),(316,9),(316,19),(316,22),(316,26),(316,48),(316,54),(316,112),(316,138),(316,177),(316,180),(316,286),(316,288),(316,329),(316,435),(316,465),(316,540),(317,1),(317,2),(317,3),(317,5),(317,6),(317,9),(317,11),(317,12),(317,13),(317,14),(317,15),(317,19),(317,22),(317,30),(317,65),(317,223),(317,281),(317,323),(317,337),(319,9),(319,21),(320,2),(320,4),(320,8),(320,10),(320,15),(320,16),(320,22),(320,26),(320,40),(320,104),(320,119),(320,302),(320,333),(320,341),(321,2),(321,4),(321,8),(321,9),(321,60),(322,4),(322,8),(323,3),(323,4),(323,5),(323,6),(323,8),(323,10),(323,11),(323,13),(323,29),(323,41),(323,51),(323,60),(323,68),(323,393),(323,462),(323,484),(324,2),(324,3),(324,8),(324,11),(324,12),(324,29),(324,34),(324,40),(324,200),(324,227),(324,250),(324,318),(324,552),(325,5),(325,6),(325,10),(325,11),(325,12),(325,26),(325,30),(325,51),(325,79),(325,131),(325,148),(325,189),(325,202),(325,263),(325,503),(326,3),(326,8),(326,13),(326,25),(326,30),(326,157),(326,476),(327,2),(327,3),(327,12),(327,18),(327,19),(327,50),(327,77),(327,151),(327,152),(327,175),(327,248),(327,313),(327,338),(327,505),(328,1),(328,2),(329,2),(329,4),(329,9),(329,13),(329,29),(329,185),(329,259),(329,422),(330,1),(330,4),(330,8),(330,10),(330,11),(330,12),(330,15),(330,17),(330,19),(330,28),(330,33),(330,61),(330,76),(330,87),(330,89),(330,119),(330,154),(330,213),(330,257),(330,341),(330,352),(330,375),(330,418),(330,446),(330,476),(330,519),(330,538),(330,540),(331,2),(331,4),(331,5),(331,9),(331,13),(331,15),(331,18),(331,19),(331,39),(331,90),(331,296),(331,309),(331,321),(331,324),(331,366),(331,459),(331,511),(332,2),(332,231),(334,9),(335,2),(335,503),(336,6),(336,9),(336,12),(336,25),(336,30),(336,41),(336,235),(336,349),(336,418),(337,4),(337,6),(337,8),(337,9),(337,12),(337,14),(338,2),(339,5),(339,6),(339,11),(339,13),(339,19),(339,30),(339,188),(339,209),(339,222),(339,286),(339,318),(339,366),(340,1),(340,3),(340,5),(340,6),(340,10),(340,11),(340,19),(340,30),(340,83),(340,87),(340,149),(340,189),(340,318),(340,334),(340,350),(341,3),(341,4),(341,5),(341,8),(341,10),(341,14),(341,19),(341,26),(341,56),(341,99),(341,153),(341,337),(342,4),(342,5),(342,6),(342,10),(342,11),(342,12),(342,21),(342,26),(342,38),(342,94),(342,96),(342,201),(342,334),(342,554),(343,1),(343,2),(343,3),(343,5),(343,8),(343,9),(343,21),(343,26),(343,29),(343,31),(343,36),(343,38),(343,52),(343,58),(343,59),(343,96),(343,124),(343,258),(346,28),(346,37),(346,55),(346,103),(346,118),(347,6),(347,9),(347,75),(347,325),(348,2),(348,7),(348,12),(348,14),(348,35),(348,140),(348,378),(348,451),(348,462),(348,523),(350,12),(350,418),(351,12),(352,1),(352,8),(352,12),(352,13),(352,14),(352,189),(352,259),(353,8),(353,12),(353,14),(353,21),(353,22),(353,26),(353,41),(353,77),(353,99),(353,236),(353,243),(353,304),(353,391),(353,438),(354,9),(354,12),(354,31),(354,88),(354,188),(354,363),(354,390),(354,446),(355,5),(355,9),(355,11),(355,22),(355,155),(355,227),(358,5),(358,6),(358,10),(358,21),(358,29),(358,30),(358,38),(358,40),(358,209),(358,263),(358,289),(358,368),(358,386),(358,407),(358,424),(358,478),(358,481),(358,537),(358,558),(359,1),(359,2),(359,12),(359,121),(359,131),(359,214),(359,334),(359,453),(360,2),(360,4),(360,9),(360,47),(360,148),(360,187),(360,393),(362,1),(362,2),(362,4),(362,5),(362,13),(362,30),(362,117),(362,188),(362,237),(362,250),(362,264),(362,289),(362,302),(362,409),(363,5),(363,6),(363,8),(363,10),(363,25),(363,58),(363,81),(363,195),(363,201),(363,255),(363,391),(364,1),(364,2),(364,10),(364,14),(364,16),(364,19),(364,22),(364,39),(364,46),(364,50),(364,93),(364,219),(364,223),(364,363),(364,546),(365,3),(365,6),(365,11),(365,12),(365,19),(365,177),(365,192),(365,195),(365,248),(365,393),(365,464),(366,1),(366,13),(366,59),(366,322),(366,391),(367,3),(368,8),(368,188),(368,289),(368,479),(369,181),(371,41),(371,53),(371,188),(371,222),(373,1),(373,2),(373,4),(373,5),(373,10),(373,11),(373,12),(373,13),(373,14),(373,22),(373,25),(373,30),(373,37),(373,45),(373,68),(373,81),(373,83),(373,117),(373,138),(373,215),(373,258),(373,267),(373,282),(373,308),(373,409),(375,2),(375,4),(375,11),(375,12),(375,14),(375,21),(375,30),(375,157),(375,453),(376,1),(376,2),(376,3),(376,11),(376,14),(376,25),(376,60),(376,169),(376,249),(376,251),(376,304),(376,321),(376,545),(378,3),(378,6),(378,12),(378,192),(378,334),(378,336),(378,519),(379,2),(379,5),(379,14),(380,3),(380,4),(380,26),(380,29),(380,33),(380,36),(380,192),(380,240),(380,340),(380,354),(380,400),(380,404),(380,532),(381,8),(381,9),(381,13),(381,21),(383,1),(383,3),(383,4),(383,8),(383,12),(383,14),(383,15),(383,19),(383,22),(383,30),(383,83),(383,146),(383,181),(383,524),(384,9),(384,12),(384,83),(386,67),(390,14),(390,209),(390,256),(390,332),(391,9),(391,13),(393,4),(395,1),(395,2),(395,4),(395,5),(395,8),(395,9),(395,12),(395,14),(395,15),(395,18),(395,21),(395,22),(395,26),(395,28),(395,29),(395,47),(395,77),(395,93),(395,111),(395,157),(395,200),(395,224),(395,241),(395,259),(395,339),(395,359),(395,391),(395,481),(397,2),(397,3),(397,4),(397,9),(397,12),(397,17),(397,24),(397,44),(397,205),(397,254),(397,319),(397,484),(397,521),(397,524),(398,1),(398,3),(398,6),(398,8),(398,22),(398,44),(398,51),(398,56),(398,250),(398,378),(399,2),(399,3),(399,11),(399,15),(399,16),(399,17),(399,18),(399,19),(399,30),(399,59),(399,98),(399,153),(399,156),(399,236),(399,288),(399,306),(399,318),(399,327),(399,353),(399,363),(399,371),(399,406),(399,523),(400,1),(401,2),(401,11),(401,12),(401,16),(401,27),(401,81),(401,89),(401,91),(401,176),(401,177),(401,263),(401,304),(401,324),(401,396),(402,1),(402,2),(402,3),(402,5),(402,6),(402,8),(402,9),(402,11),(402,12),(402,81),(402,83),(402,263),(402,459),(402,544),(403,1),(403,2),(403,5),(403,12),(403,16),(403,22),(403,24),(403,25),(403,30),(403,32),(403,63),(403,116),(403,127),(403,261),(403,319),(403,346),(403,359),(403,416),(403,462),(404,4),(404,9),(404,10),(404,53),(404,190),(404,252),(406,5),(406,8),(406,9),(406,10),(406,13),(406,14),(406,34),(406,38),(406,40),(406,45),(406,55),(406,122),(406,260),(406,302),(406,371),(406,453),(407,1),(407,2),(407,5),(407,6),(407,8),(407,30),(407,154),(407,175),(407,350),(409,1),(409,8),(409,10),(409,31),(409,96),(409,262),(410,8),(412,1),(412,3),(412,4),(412,5),(412,6),(412,8),(412,12),(412,13),(412,16),(412,18),(412,22),(412,24),(412,55),(412,73),(412,82),(412,93),(412,105),(412,113),(412,201),(412,227),(412,237),(412,258),(412,278),(412,283),(412,305),(412,306),(412,339),(412,409),(412,456),(412,516),(412,544),(413,3),(413,4),(413,13),(413,21),(413,25),(413,47),(413,96),(413,137),(413,155),(413,226),(413,230),(413,249),(413,321),(413,335),(413,508),(414,4),(416,1),(416,3),(416,6),(416,10),(416,11),(416,17),(416,18),(416,25),(416,31),(416,34),(416,37),(416,48),(416,52),(416,116),(416,141),(416,227),(416,236),(416,324),(416,391),(416,485),(416,508),(417,1),(417,5),(417,11),(417,231),(417,375),(418,2),(418,9),(418,13),(418,14),(418,21),(418,175),(419,2),(419,5),(419,14),(419,132),(419,256),(419,353),(419,366),(422,13),(422,14),(424,12),(424,21),(426,1),(426,4),(426,6),(426,9),(426,10),(426,17),(426,28),(426,30),(426,34),(426,53),(426,79),(426,84),(426,208),(426,235),(426,262),(426,266),(426,315),(426,365),(426,458),(426,471),(427,4),(427,5),(427,6),(427,9),(427,11),(427,12),(427,17),(427,18),(427,21),(427,43),(427,78),(427,83),(427,125),(427,177),(427,200),(427,232),(427,313),(427,341),(427,410),(427,422),(427,519),(428,2),(428,5),(428,6),(428,9),(428,19),(428,26),(428,28),(428,32),(428,92),(428,93),(428,117),(428,127),(428,140),(428,186),(428,224),(428,237),(428,295),(428,321),(428,521),(428,559),(435,1),(435,2),(435,4),(435,6),(435,11),(435,19),(435,25),(435,26),(435,41),(435,154),(435,192),(435,193),(435,287),(435,402),(435,532),(437,1),(437,2),(437,3),(437,5),(437,6),(437,10),(437,13),(437,14),(437,21),(437,24),(437,25),(437,27),(437,31),(437,40),(437,47),(437,53),(437,156),(437,220),(437,226),(437,232),(437,334),(437,378),(437,407),(437,410),(437,417),(438,4),(439,2),(439,45),(439,185),(439,503),(442,1),(442,2),(442,3),(442,4),(442,8),(442,14),(442,15),(442,46),(442,93),(442,177),(442,191),(442,201),(442,291),(442,306),(442,351),(442,359),(442,413),(443,4),(443,6),(443,7),(443,9),(443,10),(443,11),(443,19),(443,27),(443,28),(443,49),(443,50),(443,61),(443,64),(443,98),(443,114),(443,148),(443,225),(443,342),(443,471),(443,506),(444,2),(444,3),(444,10),(444,11),(444,246),(444,336),(445,3),(445,4),(445,127),(445,148),(445,225),(445,278),(445,426),(445,464),(445,501),(447,4),(448,1),(448,3),(448,5),(448,8),(448,10),(448,11),(448,15),(448,26),(448,34),(448,37),(448,337),(450,8),(450,9),(450,12),(450,14),(450,33),(450,38),(450,59),(450,351),(450,418),(450,471),(450,544),(451,14),(451,33),(451,87),(451,175),(451,202),(451,216),(451,278),(451,484),(453,4),(455,3),(455,9),(455,10),(455,11),(455,12),(455,13),(455,26),(455,31),(455,36),(455,40),(455,120),(455,169),(455,332),(455,334),(456,3),(456,4),(456,8),(456,10),(456,11),(456,13),(456,15),(456,21),(456,29),(456,30),(456,54),(456,200),(456,230),(456,379),(456,396),(458,6),(458,10),(458,13),(458,22),(458,40),(458,190),(458,235),(458,333),(458,335),(459,11),(459,13),(464,5),(464,6),(464,8),(464,9),(464,10),(464,11),(464,13),(464,14),(464,30),(464,235),(465,1),(465,4),(465,13),(465,19),(465,21),(465,25),(465,38),(465,44),(465,88),(465,96),(465,304),(465,552),(467,2),(467,18),(467,60),(467,107),(467,163),(470,2),(470,9),(470,11),(470,154),(470,193),(471,4),(471,9),(471,12),(471,13),(471,30),(471,446),(473,9),(473,31),(473,118),(473,189),(473,465),(473,554),(474,2),(474,11),(474,424),(476,9),(476,11),(478,2),(478,5),(478,6),(478,8),(478,13),(478,19),(478,21),(478,26),(478,36),(478,51),(478,72),(478,109),(478,124),(478,183),(478,195),(478,226),(478,236),(478,286),(478,306),(478,313),(478,340),(478,366),(478,371),(478,464),(478,474),(478,532),(478,544),(478,545),(479,2),(479,4),(479,8),(479,14),(479,349),(481,1),(481,2),(481,4),(481,10),(481,11),(481,15),(481,18),(481,30),(481,42),(481,87),(481,145),(481,201),(481,259),(481,366),(481,407),(482,38),(482,310),(482,333),(482,517),(483,1),(483,3),(483,4),(483,5),(483,10),(483,11),(483,14),(483,21),(483,25),(483,40),(483,256),(483,464),(483,505),(484,4),(484,11),(484,14),(484,25),(484,30),(484,447),(484,476),(484,479),(485,1),(485,3),(485,5),(485,12),(485,14),(485,19),(485,29),(485,38),(485,82),(485,235),(485,279),(485,323),(485,384),(485,400),(493,2),(493,14),(495,24),(495,149),(495,197),(495,309),(495,359),(495,524),(500,1),(500,2),(500,9),(500,12),(500,13),(500,15),(500,18),(500,103),(500,249),(500,326),(500,481),(501,5),(501,6),(501,8),(501,9),(501,10),(501,11),(501,13),(501,14),(501,15),(501,24),(501,25),(501,36),(501,47),(501,88),(501,92),(501,99),(501,138),(501,159),(501,175),(501,204),(501,206),(501,241),(501,290),(501,294),(501,324),(501,327),(501,438),(501,447),(501,493),(501,537),(501,550),(502,2),(502,3),(502,5),(502,8),(502,9),(502,10),(502,12),(502,18),(502,24),(502,25),(502,30),(502,31),(502,37),(502,41),(502,44),(502,75),(502,151),(502,220),(502,291),(502,326),(502,376),(502,438),(502,439),(502,447),(502,493),(502,552),(503,4),(503,8),(503,45),(503,60),(503,66),(504,1),(504,2),(504,3),(504,5),(504,6),(504,9),(504,10),(504,11),(504,16),(504,22),(504,24),(504,25),(504,30),(504,37),(504,91),(504,156),(504,176),(504,246),(504,252),(504,263),(504,316),(504,365),(504,391),(504,508),(505,1),(505,3),(505,6),(505,11),(505,14),(505,29),(505,53),(505,243),(505,257),(505,288),(505,304),(505,322),(505,329),(506,2),(506,6),(506,13),(506,14),(506,19),(506,120),(506,302),(506,335),(506,554),(509,3),(509,9),(509,31),(510,1),(510,3),(510,4),(510,6),(510,10),(510,11),(510,12),(510,14),(510,15),(510,21),(510,33),(510,138),(510,151),(510,159),(510,205),(510,218),(510,259),(510,287),(510,290),(510,304),(510,308),(510,325),(510,335),(510,359),(510,398),(510,410),(510,476),(510,537),(510,554),(511,14),(512,2),(512,3),(512,9),(512,10),(512,11),(512,19),(512,22),(512,25),(512,57),(512,105),(512,110),(512,128),(512,138),(512,183),(512,191),(512,243),(512,278),(512,282),(512,303),(514,3),(514,8),(514,11),(514,32),(514,36),(514,39),(514,41),(514,77),(514,140),(514,166),(514,267),(514,378),(514,391),(516,1),(516,2),(516,8),(516,9),(516,11),(516,19),(516,83),(516,92),(516,97),(516,100),(516,165),(516,214),(516,236),(516,376),(516,413),(517,1),(517,6),(517,10),(517,15),(517,27),(517,45),(517,64),(517,236),(517,281),(517,329),(517,342),(517,476),(519,1),(519,2),(519,4),(519,5),(519,6),(519,9),(519,11),(519,14),(519,46),(519,87),(519,149),(519,227),(520,3),(520,6),(520,7),(520,8),(520,10),(520,12),(520,24),(520,28),(520,40),(520,72),(520,154),(520,243),(520,281),(520,315),(521,1),(521,2),(521,4),(521,5),(521,6),(521,13),(521,14),(521,422),(522,3),(522,5),(522,8),(522,9),(522,10),(522,11),(522,12),(522,13),(522,14),(522,29),(522,105),(522,180),(522,191),(522,328),(522,410),(522,476),(523,1),(523,2),(523,4),(523,9),(523,10),(523,12),(523,21),(523,25),(523,42),(523,155),(523,177),(523,189),(523,202),(523,280),(523,287),(523,289),(523,322),(523,336),(523,338),(523,422),(523,439),(523,455),(524,41),(530,1),(530,2),(530,4),(530,15),(530,24),(530,31),(530,38),(530,291),(530,323),(530,366),(530,446),(532,31),(532,121),(532,306),(534,1),(534,5),(534,9),(534,10),(534,12),(534,36),(534,44),(534,51),(534,219),(534,256),(534,289),(534,290),(534,303),(534,329),(534,455),(534,511),(534,540),(535,1),(535,3),(535,6),(535,11),(535,13),(535,14),(535,22),(535,56),(535,136),(535,312),(535,459),(535,464),(535,479),(537,4),(537,9),(537,12),(537,33),(537,50),(537,122),(537,216),(537,226),(537,288),(537,350),(537,393),(537,444),(538,4),(538,5),(538,6),(538,16),(539,3),(539,5),(539,7),(539,8),(539,9),(539,12),(539,15),(539,16),(539,17),(539,28),(539,42),(539,51),(539,58),(539,89),(539,98),(539,103),(539,115),(539,117),(539,177),(539,215),(539,220),(539,235),(539,321),(539,508),(539,511),(540,3),(540,19),(540,52),(541,3),(541,13),(541,14),(541,26),(542,2),(542,3),(542,5),(542,9),(542,14),(542,37),(542,51),(542,191),(542,195),(542,341),(542,379),(542,413),(542,435),(542,439),(542,451),(542,544),(542,559),(544,2),(544,41),(544,508),(545,12),(545,447),(546,26),(546,30),(546,33),(546,59),(546,286),(546,291),(546,294),(546,307),(546,333),(546,410),(546,532),(546,552),(548,6),(548,24),(548,351),(550,1),(550,4),(550,10),(550,11),(550,13),(550,14),(550,19),(550,25),(550,93),(550,98),(550,185),(550,195),(550,237),(550,335),(550,352),(550,505),(550,534),(551,1),(551,3),(551,4),(551,6),(551,22),(551,30),(551,44),(551,121),(551,485),(553,1),(553,2),(553,6),(553,8),(553,9),(553,10),(553,15),(553,26),(553,29),(553,61),(553,65),(553,81),(553,98),(553,110),(553,202),(553,214),(553,227),(553,243),(553,250),(553,265),(553,278),(553,310),(553,317),(553,340),(553,378),(553,400),(553,404),(553,476),(553,521),(553,532),(554,12),(554,13),(555,1),(555,2),(555,6),(555,7),(555,9),(555,12),(555,15),(555,22),(555,26),(555,78),(555,209),(555,211),(555,349),(555,473),(555,546),(558,2),(558,3),(558,5),(558,6),(558,8),(558,206),(558,338),(558,450),(558,552),(559,1),(559,2),(559,4),(559,9),(559,12),(559,66),(559,303),(559,390);
/*!40000 ALTER TABLE `papersreferences` ENABLE KEYS */;
UNLOCK TABLES;

--
-- Table structure for table `publication`
--

DROP TABLE IF EXISTS `publication`;
/*!40101 SET @saved_cs_client     = @@character_set_client */;
/*!50503 SET character_set_client = utf8mb4 */;
CREATE TABLE `publication` (
  `ref_publication` int NOT NULL,
  `title` varchar(200) DEFAULT NULL,
  PRIMARY KEY (`ref_publication`)
) ENGINE=InnoDB DEFAULT CHARSET=utf8mb4 COLLATE=utf8mb4_0900_ai_ci;
/*!40101 SET character_set_client = @saved_cs_client */;

--
-- Dumping data for table `publication`
--

LOCK TABLES `publication` WRITE;
/*!40000 ALTER TABLE `publication` DISABLE KEYS */;
INSERT INTO `publication` VALUES (1,'ACS Publications'),(2,'Am Soc Microbiol'),(3,'April'),(4,'Baltimore American Society for'),(5,'Boston Blackwell Scientific'),(6,'British Council'),(7,'Citeseer'),(8,'Dundurn Pr Ltd'),(9,'EACTS'),(10,'Elsevier'),(11,'Elsevier BV'),(12,'Google Patents'),(13,'HORIZON HOUSE-MICROWAVE'),(14,'Inderscience'),(15,'Institute of Governmental Affairs'),(16,'JSTOR'),(17,'Kaufmann'),(18,'Long Beach Calif IEEE Computer'),(19,'MCGRAW-HILL DATA SERVICES'),(20,'McGraw-Hill Professional'),(21,'Microsoft Press'),(22,'Microsoft Technical Report MSRTR'),(23,'Morgan Kaufmann'),(24,'Morgan Kaufmann Publishers'),(25,'National Acad Sciences'),(26,'New York Association for'),(27,'New York Institute Electrical'),(28,'North Carolina at Chapel Hill'),(29,'Oxford Univ Press'),(30,'Paladin Press'),(31,'San Francisco CA CMP Media Inc'),(32,'Sept'),(33,'Springer'),(34,'Springer-Verlag Berlin'),(35,'University of Chicago Press'),(36,'Wakestone Books'),(37,'adass.org'),(38,'arxiv.org'),(39,'biomedcentral.com'),(40,'bisphenol-a.org'),(41,'books.google.com'),(42,'cat.inist.fr'),(43,'cdsweb.cern.ch'),(44,'computer.org'),(45,'cs.berkeley.edu'),(46,'cs.ucc.ie'),(47,'csa.com'),(48,'dialnet.unirioja.es'),(49,'doaj.org'),(50,'doi.ieeecomputersociety.org'),(51,'dtc.umn.edu'),(52,'ecs.umass.edu'),(53,'eecs.harvard.edu'),(54,'elibrary.ru'),(55,'en.scientificcommons.org'),(56,'fk.wijayakusumasby.ac.id'),(57,'fs.fed.us'),(58,'hdcc.cs.cmu.edu'),(59,'hpl.hp.com'),(60,'ieeexplore.ieee.org'),(61,'informaworld.com'),(62,'interscience.wiley.com'),(63,'iop.org'),(64,'iopscience.iop.org'),(65,'ipdps.cc.gatech.edu'),(66,'journal.shouxi.net'),(67,'journals.lww.com'),(68,'nature.com'),(69,'ncbi.nlm.nih.gov'),(70,'pages.cs.wisc.edu'),(71,'pdl.cmu.edu'),(72,'people.cs.uchicago.edu'),(73,'pha.jhu.edu'),(74,'portal.acm.org'),(75,'research.microsoft.com'),(76,'rsc.org'),(77,'sciencemag.org'),(78,'sdss.jhu.edu'),(79,'signallake.com'),(80,'usenix.org'),(81,'virologyj.com'),(82,'voced.edu.au'),(83,'wipo.int'),(84,'wit.at'),(85,'www-users.itlabs.umn.edu');
/*!40000 ALTER TABLE `publication` ENABLE KEYS */;
UNLOCK TABLES;
/*!40103 SET TIME_ZONE=@OLD_TIME_ZONE */;

/*!40101 SET SQL_MODE=@OLD_SQL_MODE */;
/*!40014 SET FOREIGN_KEY_CHECKS=@OLD_FOREIGN_KEY_CHECKS */;
/*!40014 SET UNIQUE_CHECKS=@OLD_UNIQUE_CHECKS */;
/*!40101 SET CHARACTER_SET_CLIENT=@OLD_CHARACTER_SET_CLIENT */;
/*!40101 SET CHARACTER_SET_RESULTS=@OLD_CHARACTER_SET_RESULTS */;
/*!40101 SET COLLATION_CONNECTION=@OLD_COLLATION_CONNECTION */;
/*!40111 SET SQL_NOTES=@OLD_SQL_NOTES */;

-- Dump completed on 2024-12-09 17:23:13
